---- 02-Mar-2020 3:41:05 PM ----
03-02 15:39:25.470 1198 3592 I ActivityManager: START u0 {act=android.intent.action.MAIN cat=[android.intent.category.LAUNCHER] flg=0x10200000 cmp=com.activision.callofduty.shooter/com.tencent.tmgp.cod.PermissionGrantActivity bnds=[643,717][849,1023]} from uid 10033
03-02 15:39:25.480 817 817 E ANDR-IOP: IOP HAL: Received pkg_name = com.activision.callofduty.shooter pid = -1
03-02 15:39:25.519 1198 1394 I ActivityManager: Start proc 12479:com.activision.callofduty.shooter/u0a167 for activity com.activision.callofduty.shooter/com.tencent.tmgp.cod.PermissionGrantActivity duration: 21
03-02 15:39:25.682 2327 2435 I AppOpsStatusUpdateHandler: pkgName = com.activision.callofduty.shooter
03-02 15:39:25.770 12479 12509 I FA : adb shell setprop debug.firebase.analytics.app com.activision.callofduty.shooter
03-02 15:39:25.828 12479 12479 I CODM : this.mPackageName:com.activision.callofduty.shooter
03-02 15:39:25.828 12479 12479 I CODM : Manifest contained permission: [android.permission.ACCESS_NETWORK_STATE, android.permission.ACCESS_WIFI_STATE, com.android.vending.BILLING, android.permission.INTERNET, android.permission.READ_EXTERNAL_STORAGE, android.permission.WRITE_EXTERNAL_STORAGE, android.permission.WAKE_LOCK, android.permission.REQUEST_INSTALL_PACKAGES, android.permission.MODIFY_AUDIO_SETTINGS, android.permission.RECORD_AUDIO, android.permission.BLUETOOTH, android.permission.BLUETOOTH_ADMIN, com.google.android.c2dm.permission.RECEIVE, com.activision.callofduty.shooter.permission.C2D_MESSAGE, com.google.android.finsky.permission.BIND_GET_INSTALL_REFERRER_SERVICE]
03-02 15:39:25.835 12479 12479 I CODM : CODMainActivity ExistObbFile: /storage/emulated/0/Android/obb/com.activision.callofduty.shooter/main.486.com.activision.callofduty.shooter.obb
03-02 15:39:25.848 1198 3592 I ActivityManager: START u0 {act=android.intent.action.MAIN cat=[android.intent.category.LAUNCHER] flg=0x34200000 cmp=com.activision.callofduty.shooter/com.tencent.tmgp.cod.CODMainActivity bnds=[643,717][849,1023]} from uid 10167
03-02 15:39:25.946 2327 2435 I AppOpsStatusUpdateHandler: pkgName = com.activision.callofduty.shooter
03-02 15:39:26.061 3261 3294 W WhiteListConfig: getModuleList com.activision.callofduty.shooter不在白名单中
03-02 15:39:26.085 3616 3737 E GeneralProfile: Can't accessed /data/user/0/com.asus.gamecenter/files/profiles/com.activision.callofduty.shooter/performanceprofile.json
03-02 15:39:26.085 3616 3737 E GeneralProfile: Can't accessed /data/user/0/com.asus.gamecenter/files/profiles/com.activision.callofduty.shooter/touchprofile.json
03-02 15:39:26.085 3616 3737 E GeneralProfile: Can't accessed /data/user/0/com.asus.gamecenter/files/profiles/com.activision.callofduty.shooter/displayprofile.json
03-02 15:39:26.085 3616 3737 E GeneralProfile: Can't accessed /data/user/0/com.asus.gamecenter/files/profiles/com.activision.callofduty.shooter/networkprofile.json
03-02 15:39:26.085 3616 3737 E GeneralProfile: Can't accessed /data/user/0/com.asus.gamecenter/files/profiles/com.activision.callofduty.shooter/noalertprofile.json
03-02 15:39:26.085 3616 3737 E GeneralProfile: Can't accessed /data/user/0/com.asus.gamecenter/files/profiles/com.activision.callofduty.shooter/audioprofile.json
03-02 15:39:26.093 3616 3737 E GeneralProfile: Can't accessed /data/user/0/com.asus.gamecenter/files/profiles/com.activision.callofduty.shooter/performanceprofile.json
03-02 15:39:26.094 3616 3737 E GeneralProfile: Can't accessed /data/user/0/com.asus.gamecenter/files/profiles/com.activision.callofduty.shooter/touchprofile.json
03-02 15:39:26.094 3616 3737 E GeneralProfile: Can't accessed /data/user/0/com.asus.gamecenter/files/profiles/com.activision.callofduty.shooter/displayprofile.json
03-02 15:39:26.094 3616 3737 E GeneralProfile: Can't accessed /data/user/0/com.asus.gamecenter/files/profiles/com.activision.callofduty.shooter/networkprofile.json
03-02 15:39:26.094 3616 3737 E GeneralProfile: Can't accessed /data/user/0/com.asus.gamecenter/files/profiles/com.activision.callofduty.shooter/noalertprofile.json
03-02 15:39:26.094 3616 3737 E GeneralProfile: Can't accessed /data/user/0/com.asus.gamecenter/files/profiles/com.activision.callofduty.shooter/audioprofile.json
03-02 15:39:26.101 3616 3737 E GeneralProfile: Can't accessed /data/user/0/com.asus.gamecenter/files/profiles/com.activision.callofduty.shooter/performanceprofile.json
03-02 15:39:26.102 3616 3737 E GeneralProfile: Can't accessed /data/user/0/com.asus.gamecenter/files/profiles/com.activision.callofduty.shooter/touchprofile.json
03-02 15:39:26.102 3616 3737 E GeneralProfile: Can't accessed /data/user/0/com.asus.gamecenter/files/profiles/com.activision.callofduty.shooter/displayprofile.json
03-02 15:39:26.102 3616 3737 E GeneralProfile: Can't accessed /data/user/0/com.asus.gamecenter/files/profiles/com.activision.callofduty.shooter/networkprofile.json
03-02 15:39:26.102 3616 3737 E GeneralProfile: Can't accessed /data/user/0/com.asus.gamecenter/files/profiles/com.activision.callofduty.shooter/noalertprofile.json
03-02 15:39:26.102 3616 3737 E GeneralProfile: Can't accessed /data/user/0/com.asus.gamecenter/files/profiles/com.activision.callofduty.shooter/audioprofile.json
03-02 15:39:26.107 3616 8369 E GeneralProfile: Can't accessed /data/user/0/com.asus.gamecenter/files/profiles/com.activision.callofduty.shooter/performanceprofile.json
03-02 15:39:26.108 3616 8369 E GeneralProfile: Can't accessed /data/user/0/com.asus.gamecenter/files/profiles/com.activision.callofduty.shooter/touchprofile.json
03-02 15:39:26.108 3616 8369 E GeneralProfile: Can't accessed /data/user/0/com.asus.gamecenter/files/profiles/com.activision.callofduty.shooter/displayprofile.json
03-02 15:39:26.108 3616 8369 E GeneralProfile: Can't accessed /data/user/0/com.asus.gamecenter/files/profiles/com.activision.callofduty.shooter/networkprofile.json
03-02 15:39:26.108 3616 8369 E GeneralProfile: Can't accessed /data/user/0/com.asus.gamecenter/files/profiles/com.activision.callofduty.shooter/noalertprofile.json
03-02 15:39:26.108 3616 8369 E GeneralProfile: Can't accessed /data/user/0/com.asus.gamecenter/files/profiles/com.activision.callofduty.shooter/audioprofile.json
03-02 15:39:26.113 3616 8369 E GeneralProfile: Can't accessed /data/user/0/com.asus.gamecenter/files/profiles/com.activision.callofduty.shooter/performanceprofile.json
03-02 15:39:26.114 3616 8369 E GeneralProfile: Can't accessed /data/user/0/com.asus.gamecenter/files/profiles/com.activision.callofduty.shooter/touchprofile.json
03-02 15:39:26.114 3616 8369 E GeneralProfile: Can't accessed /data/user/0/com.asus.gamecenter/files/profiles/com.activision.callofduty.shooter/displayprofile.json
03-02 15:39:26.114 3616 8369 E GeneralProfile: Can't accessed /data/user/0/com.asus.gamecenter/files/profiles/com.activision.callofduty.shooter/networkprofile.json
03-02 15:39:26.114 3616 8369 E GeneralProfile: Can't accessed /data/user/0/com.asus.gamecenter/files/profiles/com.activision.callofduty.shooter/noalertprofile.json
03-02 15:39:26.114 3616 8369 E GeneralProfile: Can't accessed /data/user/0/com.asus.gamecenter/files/profiles/com.activision.callofduty.shooter/audioprofile.json
03-02 15:39:26.277 12534 12643 W KeyProfile: getCurrentPackageProfile(), Package = com.activision.callofduty.shooter , this profile in NOT inside profile file list = null
03-02 15:39:26.279 12534 12643 W KeyProfile: getCurrentPackageProfile(), Package = com.activision.callofduty.shooter , this profile in NOT inside profile file list = null
03-02 15:39:26.280 12534 12643 W KeyProfile: getCurrentPackageProfile(), Package = com.activision.callofduty.shooter , this profile in NOT inside profile file list = null
03-02 15:39:26.527 12479 12479 I GCloud : [2020-03-02 15:39:26 527] | Info | [GCloud] |0xf16e4494| :0|| [[GCloudCore]]AppPath:/data/user/0/com.activision.callofduty.shooter/,CachePath:/storage/emulated/0/Android/data/com.activision.callofduty.shooter/cache/,DataPath:/storage/emulated/0/Android/data/com.activision.callofduty.shooter/files/
03-02 15:39:26.548 12479 12479 I GCloud : SetPaths AppPath:/data/user/0/com.activision.callofduty.shooter/, DataPath:/storage/emulated/0/Android/data/com.activision.callofduty.shooter/files/, CachePath:/storage/emulated/0/Android/data/com.activision.callofduty.shooter/cache/
03-02 15:39:26.618 12534 12643 W KeyProfile: getCurrentPackageProfile(), Package = com.activision.callofduty.shooter , this profile in NOT inside profile file list = null
03-02 15:39:26.619 12534 12643 W KeyProfile: getCurrentPackageProfile(), Package = com.activision.callofduty.shooter , this profile in NOT inside profile file list = null
03-02 15:39:26.620 12534 12643 W KeyProfile: getCurrentPackageProfile(), Package = com.activision.callofduty.shooter , this profile in NOT inside profile file list = null
03-02 15:39:26.796 12479 12479 I CODM : /storage/emulated/0/Android/data/com.activision.callofduty.shooter/files/Config
03-02 15:39:26.797 12479 12479 I CODM : /data/user/0/com.activision.callofduty.shooter/files/Config
03-02 15:39:27.061 1198 1389 I ActivityManager: Displayed com.activision.callofduty.shooter/com.tencent.tmgp.cod.CODMainActivity: +1s585ms
03-02 15:39:27.063 1198 1752 I WindowManager: Screen frozen for +1s551ms due to Window{460ae17 u0 com.activision.callofduty.shooter/com.tencent.tmgp.cod.CODMainActivity}
03-02 15:39:27.080 2327 2435 I AppOpsStatusUpdateHandler: pkgName = com.activision.callofduty.shooter
03-02 15:39:27.116 12534 12643 W KeyProfile: getCurrentPackageProfile(), Package = com.activision.callofduty.shooter , this profile in NOT inside profile file list = null
03-02 15:39:27.117 12534 12643 W KeyProfile: getCurrentPackageProfile(), Package = com.activision.callofduty.shooter , this profile in NOT inside profile file list = null
03-02 15:39:27.118 12534 12643 W KeyProfile: getCurrentPackageProfile(), Package = com.activision.callofduty.shooter , this profile in NOT inside profile file list = null
03-02 15:39:27.430 12534 12643 W KeyProfile: getCurrentPackageProfile(), Package = com.activision.callofduty.shooter , this profile in NOT inside profile file list = null
03-02 15:39:27.440 12534 12643 W KeyProfile: getCurrentPackageProfile(), Package = com.activision.callofduty.shooter , this profile in NOT inside profile file list = null
03-02 15:39:27.443 12534 12643 W KeyProfile: getCurrentPackageProfile(), Package = com.activision.callofduty.shooter , this profile in NOT inside profile file list = null
03-02 15:39:27.696 12479 12479 I chatty : uid=10167(com.activision.callofduty.shooter) identical 2 lines
03-02 15:39:27.729 12479 12479 I chatty : uid=10167(com.activision.callofduty.shooter) identical 2 lines
03-02 15:39:27.756 12479 12479 I chatty : uid=10167(com.activision.callofduty.shooter) identical 1 line
03-02 15:39:27.814 12479 12479 I chatty : uid=10167(com.activision.callofduty.shooter) identical 1 line
03-02 15:39:27.855 12479 12479 I chatty : uid=10167(com.activision.callofduty.shooter) identical 3 lines
03-02 15:39:27.897 12479 12479 I chatty : uid=10167(com.activision.callofduty.shooter) identical 3 lines
03-02 15:39:27.941 12479 12479 I chatty : uid=10167(com.activision.callofduty.shooter) identical 2 lines
03-02 15:39:27.973 12479 12479 I chatty : uid=10167(com.activision.callofduty.shooter) identical 2 lines
03-02 15:39:28.056 12479 12479 I chatty : uid=10167(com.activision.callofduty.shooter) identical 4 lines
03-02 15:39:28.089 12479 12479 I chatty : uid=10167(com.activision.callofduty.shooter) identical 2 lines
03-02 15:39:28.173 12479 12479 I chatty : uid=10167(com.activision.callofduty.shooter) identical 7 lines
03-02 15:39:28.249 12479 12479 I chatty : uid=10167(com.activision.callofduty.shooter) identical 1 line
03-02 15:39:28.299 12479 12479 I chatty : uid=10167(com.activision.callofduty.shooter) identical 3 lines
03-02 15:39:28.500 12479 12479 I chatty : uid=10167(com.activision.callofduty.shooter) identical 3 lines
03-02 15:39:28.575 12479 12479 I chatty : uid=10167(com.activision.callofduty.shooter) identical 7 lines
03-02 15:39:28.617 12479 12479 I chatty : uid=10167(com.activision.callofduty.shooter) identical 3 lines
03-02 15:39:28.659 12479 12479 I chatty : uid=10167(com.activision.callofduty.shooter) identical 3 lines
03-02 15:39:28.692 12479 12479 I chatty : uid=10167(com.activision.callofduty.shooter) identical 2 lines
03-02 15:39:28.734 12479 12479 I chatty : uid=10167(com.activision.callofduty.shooter) identical 3 lines
03-02 15:39:28.767 12479 12479 I chatty : uid=10167(com.activision.callofduty.shooter) identical 1 line
03-02 15:39:28.818 12479 12479 I chatty : uid=10167(com.activision.callofduty.shooter) identical 2 lines
03-02 15:39:28.935 12479 12479 I chatty : uid=10167(com.activision.callofduty.shooter) identical 1 line
03-02 15:39:28.977 12479 12479 I chatty : uid=10167(com.activision.callofduty.shooter) identical 1 line
03-02 15:39:29.059 12479 12479 I chatty : uid=10167(com.activision.callofduty.shooter) identical 1 line
03-02 15:39:29.122 12534 12643 W KeyProfile: getCurrentPackageProfile(), Package = com.activision.callofduty.shooter , this profile in NOT inside profile file list = null
03-02 15:39:29.124 12534 12643 W KeyProfile: getCurrentPackageProfile(), Package = com.activision.callofduty.shooter , this profile in NOT inside profile file list = null
03-02 15:39:29.126 12534 12643 W KeyProfile: getCurrentPackageProfile(), Package = com.activision.callofduty.shooter , this profile in NOT inside profile file list = null
03-02 15:39:29.883 2327 7793 I AudioFocusHandler: list: com.activision.callofduty.shooter
03-02 15:39:31.337 2327 7793 I AudioFocusHandler: list: com.activision.callofduty.shooter
03-02 15:39:31.407 850 850 I BufferQueueConsumer: SurfaceView - com.activision.callofduty.shooter/com.tencent.tmgp.cod.CODMainActivity#0, Set Low Latency Mode = 1, IntervalNsec = 1000000000
03-02 15:39:32.462 12479 12720 I lofduty.shoote: Caused by: java.lang.ClassNotFoundException: Didn't find class "com.android.installreferrer.api.InstallReferrerStateListener" on path: DexPathList[[zip file "/system/framework/org.apache.http.legacy.boot.jar", zip file "/data/app/com.activision.callofduty.shooter-C6LRS44y8XWedXfJHgqNrg==/base.apk"],nativeLibraryDirectories=[/data/app/com.activision.callofduty.shooter-C6LRS44y8XWedXfJHgqNrg==/lib/arm, /data/app/com.activision.callofduty.shooter-C6LRS44y8XWedXfJHgqNrg==/base.apk!/lib/armeabi-v7a, /system/lib, /system/product/lib]]
03-02 15:39:32.462 12479 12720 I lofduty.shoote: Caused by: java.lang.ClassNotFoundException: Didn't find class "com.android.installreferrer.api.InstallReferrerStateListener" on path: DexPathList[[zip file "/system/framework/org.apache.http.legacy.boot.jar", zip file "/data/app/com.activision.callofduty.shooter-C6LRS44y8XWedXfJHgqNrg==/base.apk"],nativeLibraryDirectories=[/data/app/com.activision.callofduty.shooter-C6LRS44y8XWedXfJHgqNrg==/lib/arm, /data/app/com.activision.callofduty.shooter-C6LRS44y8XWedXfJHgqNrg==/base.apk!/lib/armeabi-v7a, /system/lib, /system/product/lib]]
03-02 15:39:32.468 12479 12720 I lofduty.shoote: Caused by: java.lang.ClassNotFoundException: Didn't find class "com.android.installreferrer.api.InstallReferrerStateListener" on path: DexPathList[[zip file "/system/framework/org.apache.http.legacy.boot.jar", zip file "/data/app/com.activision.callofduty.shooter-C6LRS44y8XWedXfJHgqNrg==/base.apk"],nativeLibraryDirectories=[/data/app/com.activision.callofduty.shooter-C6LRS44y8XWedXfJHgqNrg==/lib/arm, /data/app/com.activision.callofduty.shooter-C6LRS44y8XWedXfJHgqNrg==/base.apk!/lib/armeabi-v7a, /system/lib, /system/product/lib]]
03-02 15:39:32.468 12479 12720 I lofduty.shoote: Caused by: java.lang.ClassNotFoundException: Didn't find class "com.android.installreferrer.api.InstallReferrerStateListener" on path: DexPathList[[zip file "/system/framework/org.apache.http.legacy.boot.jar", zip file "/data/app/com.activision.callofduty.shooter-C6LRS44y8XWedXfJHgqNrg==/base.apk"],nativeLibraryDirectories=[/data/app/com.activision.callofduty.shooter-C6LRS44y8XWedXfJHgqNrg==/lib/arm, /data/app/com.activision.callofduty.shooter-C6LRS44y8XWedXfJHgqNrg==/base.apk!/lib/armeabi-v7a, /system/lib, /system/product/lib]]
03-02 15:39:32.468 12479 12720 I lofduty.shoote: Caused by: java.lang.ClassNotFoundException: Didn't find class "com.android.installreferrer.api.InstallReferrerStateListener" on path: DexPathList[[zip file "/system/framework/org.apache.http.legacy.boot.jar", zip file "/data/app/com.activision.callofduty.shooter-C6LRS44y8XWedXfJHgqNrg==/base.apk"],nativeLibraryDirectories=[/data/app/com.activision.callofduty.shooter-C6LRS44y8XWedXfJHgqNrg==/lib/arm, /data/app/com.activision.callofduty.shooter-C6LRS44y8XWedXfJHgqNrg==/base.apk!/lib/armeabi-v7a, /system/lib, /system/product/lib]]
03-02 15:39:32.471 12479 12720 I lofduty.shoote: Caused by: java.lang.ClassNotFoundException: Didn't find class "com.android.installreferrer.api.InstallReferrerStateListener" on path: DexPathList[[zip file "/system/framework/org.apache.http.legacy.boot.jar", zip file "/data/app/com.activision.callofduty.shooter-C6LRS44y8XWedXfJHgqNrg==/base.apk"],nativeLibraryDirectories=[/data/app/com.activision.callofduty.shooter-C6LRS44y8XWedXfJHgqNrg==/lib/arm, /data/app/com.activision.callofduty.shooter-C6LRS44y8XWedXfJHgqNrg==/base.apk!/lib/armeabi-v7a, /system/lib, /system/product/lib]]
03-02 15:39:32.471 12479 12720 I lofduty.shoote: Caused by: java.lang.ClassNotFoundException: Didn't find class "com.android.installreferrer.api.InstallReferrerStateListener" on path: DexPathList[[zip file "/system/framework/org.apache.http.legacy.boot.jar", zip file "/data/app/com.activision.callofduty.shooter-C6LRS44y8XWedXfJHgqNrg==/base.apk"],nativeLibraryDirectories=[/data/app/com.activision.callofduty.shooter-C6LRS44y8XWedXfJHgqNrg==/lib/arm, /data/app/com.activision.callofduty.shooter-C6LRS44y8XWedXfJHgqNrg==/base.apk!/lib/armeabi-v7a, /system/lib, /system/product/lib]]
03-02 15:39:32.471 12479 12720 I lofduty.shoote: Caused by: java.lang.ClassNotFoundException: Didn't find class "com.android.installreferrer.api.InstallReferrerStateListener" on path: DexPathList[[zip file "/system/framework/org.apache.http.legacy.boot.jar", zip file "/data/app/com.activision.callofduty.shooter-C6LRS44y8XWedXfJHgqNrg==/base.apk"],nativeLibraryDirectories=[/data/app/com.activision.callofduty.shooter-C6LRS44y8XWedXfJHgqNrg==/lib/arm, /data/app/com.activision.callofduty.shooter-C6LRS44y8XWedXfJHgqNrg==/base.apk!/lib/armeabi-v7a, /system/lib, /system/product/lib]]
03-02 15:39:32.733 12479 12965 I lofduty.shoote: Caused by: java.lang.ClassNotFoundException: Didn't find class "com.google.android.gms.iid.InstanceIDListenerService" on path: DexPathList[[zip file "/system/framework/org.apache.http.legacy.boot.jar", zip file "/data/app/com.activision.callofduty.shooter-C6LRS44y8XWedXfJHgqNrg==/base.apk"],nativeLibraryDirectories=[/data/app/com.activision.callofduty.shooter-C6LRS44y8XWedXfJHgqNrg==/lib/arm, /data/app/com.activision.callofduty.shooter-C6LRS44y8XWedXfJHgqNrg==/base.apk!/lib/armeabi-v7a, /system/lib, /system/product/lib]]
03-02 15:39:32.733 12479 12965 I lofduty.shoote: Caused by: java.lang.ClassNotFoundException: Didn't find class "com.google.android.gms.iid.InstanceIDListenerService" on path: DexPathList[[zip file "/system/framework/org.apache.http.legacy.boot.jar", zip file "/data/app/com.activision.callofduty.shooter-C6LRS44y8XWedXfJHgqNrg==/base.apk"],nativeLibraryDirectories=[/data/app/com.activision.callofduty.shooter-C6LRS44y8XWedXfJHgqNrg==/lib/arm, /data/app/com.activision.callofduty.shooter-C6LRS44y8XWedXfJHgqNrg==/base.apk!/lib/armeabi-v7a, /system/lib, /system/product/lib]]
03-02 15:39:34.226 12479 12479 I chatty : uid=10167(com.activision.callofduty.shooter) identical 4 lines
03-02 15:39:34.419 12479 12479 I chatty : uid=10167(com.activision.callofduty.shooter) identical 21 lines
03-02 15:39:34.445 12479 12479 I chatty : uid=10167(com.activision.callofduty.shooter) identical 1 line
03-02 15:39:34.669 12479 12479 I chatty : uid=10167(com.activision.callofduty.shooter) identical 25 lines
03-02 15:39:35.440 12479 12479 I chatty : uid=10167(com.activision.callofduty.shooter) identical 60 lines
03-02 15:39:35.573 12479 12479 I chatty : uid=10167(com.activision.callofduty.shooter) identical 12 lines
03-02 15:39:35.616 12479 12479 I chatty : uid=10167(com.activision.callofduty.shooter) identical 3 lines
03-02 15:39:35.645 12479 12479 I chatty : uid=10167(com.activision.callofduty.shooter) identical 2 lines
03-02 15:39:36.009 12479 12479 I chatty : uid=10167(com.activision.callofduty.shooter) identical 14 lines
03-02 15:39:36.109 12479 12479 I chatty : uid=10167(com.activision.callofduty.shooter) identical 2 lines
03-02 15:39:36.653 12479 12479 I chatty : uid=10167(com.activision.callofduty.shooter) identical 51 lines
03-02 15:39:37.576 12479 12479 I chatty : uid=10167(com.activision.callofduty.shooter) identical 13 lines
03-02 15:39:38.179 12479 12479 I chatty : uid=10167(com.activision.callofduty.shooter) identical 3 lines
03-02 15:39:38.574 12479 12479 I chatty : uid=10167(com.activision.callofduty.shooter) identical 1 line
03-02 15:39:38.859 12479 12479 I chatty : uid=10167(com.activision.callofduty.shooter) identical 11 lines
03-02 15:39:39.938 12479 12479 I chatty : uid=10167(com.activision.callofduty.shooter) identical 21 lines
03-02 15:39:40.842 12479 12479 I chatty : uid=10167(com.activision.callofduty.shooter) identical 1 line
03-02 15:39:41.422 12479 12479 I chatty : uid=10167(com.activision.callofduty.shooter) identical 1 line
03-02 15:39:45.035 12479 12720 I AudioManager: In isBluetoothScoOn(), calling application: com.activision.callofduty.shooter
03-02 15:39:45.708 12479 13105 I AudioManager: In isBluetoothScoOn(), calling application: com.activision.callofduty.shooter
03-02 15:39:45.726 12479 12720 I Unity : [AVProVideo] Opening jar:file:///storage/emulated/0/Android/obb/com.activision.callofduty.shooter/main.486.com.activision.callofduty.shooter.obb!/assets/Videos/StartVideo.mp4 (offset 0) with API MediaPlayer
03-02 15:39:45.775 1190 2551 I ExtendedNuUtils: printFileName fd(8) -> /storage/emulated/0/Android/obb/com.activision.callofduty.shooter/main.486.com.activision.callofduty.shooter.obb
03-02 15:39:45.820 12479 12720 I chatty : uid=10167(com.activision.callofduty.shooter) UnityMain identical 1 line
03-02 15:39:46.726 2327 7793 I AudioFocusHandler: list: com.activision.callofduty.shooter
03-02 15:39:46.787 12479 12479 I chatty : uid=10167(com.activision.callofduty.shooter) identical 2 lines
03-02 15:39:46.935 12479 13105 I AudioManager: In isBluetoothScoOn(), calling application: com.activision.callofduty.shooter
03-02 15:39:47.000 12479 12479 I chatty : uid=10167(com.activision.callofduty.shooter) identical 5 lines
03-02 15:39:47.084 12479 12479 I chatty : uid=10167(com.activision.callofduty.shooter) identical 1 line
03-02 15:39:48.022 12479 12479 I chatty : uid=10167(com.activision.callofduty.shooter) identical 3 lines
03-02 15:39:48.101 12479 12479 I chatty : uid=10167(com.activision.callofduty.shooter) identical 1 line
03-02 15:39:48.214 12479 13105 I AudioManager: In isBluetoothScoOn(), calling application: com.activision.callofduty.shooter
03-02 15:39:48.877 12479 12479 I chatty : uid=10167(com.activision.callofduty.shooter) identical 2 lines
03-02 15:39:49.493 12479 13105 I AudioManager: In isBluetoothScoOn(), calling application: com.activision.callofduty.shooter
03-02 15:39:50.485 12479 12479 I chatty : uid=10167(com.activision.callofduty.shooter) identical 6 lines
03-02 15:39:50.555 12479 12479 I chatty : uid=10167(com.activision.callofduty.shooter) identical 1 line
03-02 15:39:50.774 12479 13105 I AudioManager: In isBluetoothScoOn(), calling application: com.activision.callofduty.shooter
03-02 15:39:51.302 12479 12479 W com.activision.callofduty.shooter: type=1400 audit(0.0:1697): avc: denied { read } for comm=4173796E635461736B202334 name="u:object_r:vendor_default_prop:s0" dev="tmpfs" ino=19167 scontext=u:r:untrusted_app:s0:c167,c256,c512,c768 tcontext=u:object_r:vendor_default_prop:s0 tclass=file permissive=0
03-02 15:39:51.302 12479 12479 W com.activision.callofduty.shooter: type=1400 audit(0.0:1698): avc: denied { read } for comm=4173796E635461736B202334 name="u:object_r:vendor_default_prop:s0" dev="tmpfs" ino=19167 scontext=u:r:untrusted_app:s0:c167,c256,c512,c768 tcontext=u:object_r:vendor_default_prop:s0 tclass=file permissive=0
03-02 15:39:51.302 12479 12479 W com.activision.callofduty.shooter: type=1400 audit(0.0:1699): avc: denied { read } for comm=4173796E635461736B202334 name="u:object_r:vendor_default_prop:s0" dev="tmpfs" ino=19167 scontext=u:r:untrusted_app:s0:c167,c256,c512,c768 tcontext=u:object_r:vendor_default_prop:s0 tclass=file permissive=0
03-02 15:39:51.309 12479 12479 W com.activision.callofduty.shooter: type=1400 audit(0.0:1700): avc: denied { read } for comm=4173796E635461736B202334 name="version" dev="proc" ino=4026532080 scontext=u:r:untrusted_app:s0:c167,c256,c512,c768 tcontext=u:object_r:proc_version:s0 tclass=file permissive=0
03-02 15:39:51.617 12479 12479 W MidasComm: get pkgName: com.activision.callofduty.shooter
03-02 15:39:51.677 12671 12687 I Finsky : [443] gag.d(19): com.activision.callofduty.shooter: Account determined from library ownership - [zMdp9KzehuDN2xMTAxZziHSnNp1yBIgtrZsFBiezrqg]
03-02 15:39:51.678 12671 12687 I Finsky : [443] gag.d(16): com.activision.callofduty.shooter: Account from preferred account - [zMdp9KzehuDN2xMTAxZziHSnNp1yBIgtrZsFBiezrqg]
03-02 15:39:51.684 1198 2182 I AudioService: setMode(mode = 0, callingPackage = com.activision.callofduty.shooter, Process ID: 12479
03-02 15:39:51.687 12671 12687 I Finsky : [443] gag.d(19): com.activision.callofduty.shooter: Account determined from library ownership - [zMdp9KzehuDN2xMTAxZziHSnNp1yBIgtrZsFBiezrqg]
03-02 15:39:51.687 12671 12687 I Finsky : [443] gag.d(16): com.activision.callofduty.shooter: Account from preferred account - [zMdp9KzehuDN2xMTAxZziHSnNp1yBIgtrZsFBiezrqg]
03-02 15:39:51.690 12671 12687 I Finsky : [443] gag.d(19): com.activision.callofduty.shooter: Account determined from library ownership - [zMdp9KzehuDN2xMTAxZziHSnNp1yBIgtrZsFBiezrqg]
03-02 15:39:51.691 12671 12687 I Finsky : [443] gag.d(16): com.activision.callofduty.shooter: Account from preferred account - [zMdp9KzehuDN2xMTAxZziHSnNp1yBIgtrZsFBiezrqg]
03-02 15:39:51.693 12671 12687 I Finsky : [443] gag.d(19): com.activision.callofduty.shooter: Account determined from library ownership - [zMdp9KzehuDN2xMTAxZziHSnNp1yBIgtrZsFBiezrqg]
03-02 15:39:51.693 12671 12687 I Finsky : [443] gag.d(16): com.activision.callofduty.shooter: Account from preferred account - [zMdp9KzehuDN2xMTAxZziHSnNp1yBIgtrZsFBiezrqg]
03-02 15:39:51.707 12479 12720 I AudioManager: In setSpeakerphoneOn(), on: true, calling application: com.activision.callofduty.shooter
03-02 15:39:51.708 12479 12720 I GCloudVoiceTag: %s/storage/emulated/0/Android/data/com.activision.callofduty.shooter/files/GCloudVoice/config.json
03-02 15:39:51.709 12479 12479 I AudioManager: In setBluetoothScoOn(), on: false, calling application: com.activision.callofduty.shooter
03-02 15:39:51.709 1198 1291 I MediaFocusControl: requestAudioFocus() from uid/pid 10167/12479 clientId=android.media.AudioManager@a83bf48com.tencent.apollo.ApolloVoiceDeviceMgr$AudioFocusChangeListener@81091e1 callingPack=com.activision.callofduty.shooter req=1 flags=0x0 sdk=28
03-02 15:39:51.711 12479 12479 I AudioManager: In setSpeakerphoneOn(), on: true, calling application: com.activision.callofduty.shooter
03-02 15:39:51.712 12479 12720 I chatty : uid=10167(com.activision.callofduty.shooter) UnityMain identical 4 lines
03-02 15:39:51.713 12479 12720 I GCloudVoice: [/Users/bkdevops/bkagent/OneSDK_GVoice/build/Android/jni/../../../application//src/GCloudVoiceEngine.cpp(566) Init()]:BundleID is :com.activision.callofduty.shooter
03-02 15:39:51.714 12479 12720 I GCloudVoiceTag: Read Dynamic : /data/user/0/com.activision.callofduty.shooter/files/com.tencent.gcloud.gvoice/config/gvoice.cfg
03-02 15:39:51.714 12479 12720 I GCloudVoice: [/Users/bkdevops/bkagent/OneSDK_GVoice/build/Android/jni/../../../application//src/GCloudVoiceConfig.cpp(565) LogFilePath()]:##### LogFilePath Dynamic cfg is /data/user/0/com.activision.callofduty.shooter/files/com.tencent.gcloud.gvoice/config/gvoice.cfg
03-02 15:39:51.714 12479 12720 I GCloudVoice: [/Users/bkdevops/bkagent/OneSDK_GVoice/build/Android/jni/../../../application//src/GCloudVoiceConfig.cpp(586) LogFilePath()]:##### LogFilePath /data/user/0/com.activision.callofduty.shooter/files/com.tencent.gcloud.gvoice/GVoiceLog
03-02 15:39:51.714 12479 12720 I GCloudVoiceTag: Read Dynamic : /data/user/0/com.activision.callofduty.shooter/files/com.tencent.gcloud.gvoice/config/gvoice.cfg
03-02 15:39:51.714 12479 12720 I GCloudVoice: [/Users/bkdevops/bkagent/OneSDK_GVoice/build/Android/jni/../../../application//src/GCloudVoiceConfig.cpp(565) LogFilePath()]:##### LogFilePath Dynamic cfg is /data/user/0/com.activision.callofduty.shooter/files/com.tencent.gcloud.gvoice/config/gvoice.cfg
03-02 15:39:51.714 12479 12720 I GCloudVoice: [/Users/bkdevops/bkagent/OneSDK_GVoice/build/Android/jni/../../../application//src/GCloudVoiceConfig.cpp(586) LogFilePath()]:##### LogFilePath /data/user/0/com.activision.callofduty.shooter/files/com.tencent.gcloud.gvoice/GVoiceLog
03-02 15:39:51.718 12479 12720 I GCloudVoiceTag: Read Dynamic : /data/user/0/com.activision.callofduty.shooter/files/com.tencent.gcloud.gvoice/config/gvoice.cfg
03-02 15:39:51.718 12479 12720 I GCloudVoice: [/Users/bkdevops/bkagent/OneSDK_GVoice/build/Android/jni/../../../application//src/GCloudVoiceConfig.cpp(500) TQosFilePath()]:##### TQosFilePath Dynamic cfg is /data/user/0/com.activision.callofduty.shooter/files/com.tencent.gcloud.gvoice/config/gvoice.cfg
03-02 15:39:51.718 12479 12720 I GCloudVoice: [/Users/bkdevops/bkagent/OneSDK_GVoice/build/Android/jni/../../../application//src/GCloudVoiceConfig.cpp(521) TQosFilePath()]:##### TQosFilePath /data/user/0/com.activision.callofduty.shooter/files/com.tencent.gcloud.gvoice/tqos
03-02 15:39:51.738 12479 12720 I GCloudVoice: [/Users/bkdevops/bkagent/OneSDK_GVoice/build/Android/jni/../../..//engine/build/Android/jni/../../../../engine/src/libinterface/engine.cpp(7174) SetBinPath()]:CEngine::SetBinPath path = /data/user/0/com.activision.callofduty.shooter/files/com.tencent.gcloud.gvoice/GVoiceLog/libwxvoiceembed.bin, len = 108.
03-02 15:39:51.738 12479 12720 I GCloudVoice: [/Users/bkdevops/bkagent/OneSDK_GVoice/build/Android/jni/../../../application//src/GCloudVoiceEngine.cpp(679) Init()]:GCloudVoiceEngine::bin source path = /data/user/0/com.activision.callofduty.shooter/files/com.tencent.gcloud.gvoice/GVoiceLog/libwxvoiceembed.bin,len = 108.
03-02 15:39:52.053 12479 13105 I AudioManager: In isBluetoothScoOn(), calling application: com.activision.callofduty.shooter
03-02 15:39:53.019 1198 1394 I ActivityManager: Start proc 13227:com.android.chrome:sandboxed_process0/u0i88 for webview_service com.activision.callofduty.shooter/org.chromium.content.app.SandboxedProcessService0 duration: 20
03-02 15:39:53.332 12479 13105 I AudioManager: In isBluetoothScoOn(), calling application: com.activision.callofduty.shooter
03-02 15:39:53.658 2327 7793 I AudioFocusHandler: list: com.activision.callofduty.shooter
03-02 15:39:53.885 12479 13302 I AudioManager: In isSpeakerphoneOn(), calling application: com.activision.callofduty.shooter
03-02 15:39:53.896 12479 13309 I chatty : uid=10167(com.activision.callofduty.shooter) AdWorker(Defaul identical 1 line
03-02 15:39:54.068 12479 12720 I Unity : TencentPay : productList:["com.activision.callofduty.shooter.tier_1","com.activision.callofduty.shooter.tier_5","com.activision.callofduty.shooter.tier_10","com.activision.callofduty.shooter.tier_25","com.activision.callofduty.shooter.tier_50","com.activision.callofduty.shooter.tier_100"]
03-02 15:39:54.075 12671 12687 I Finsky : [443] gag.d(19): com.activision.callofduty.shooter: Account determined from library ownership - [zMdp9KzehuDN2xMTAxZziHSnNp1yBIgtrZsFBiezrqg]
03-02 15:39:54.075 12671 12687 I Finsky : [443] gag.d(16): com.activision.callofduty.shooter: Account from preferred account - [zMdp9KzehuDN2xMTAxZziHSnNp1yBIgtrZsFBiezrqg]
03-02 15:39:54.082 12671 12942 I Finsky : [508] gag.d(19): com.activision.callofduty.shooter: Account determined from library ownership - [zMdp9KzehuDN2xMTAxZziHSnNp1yBIgtrZsFBiezrqg]
03-02 15:39:54.082 12671 12942 I Finsky : [508] gag.d(16): com.activision.callofduty.shooter: Account from preferred account - [zMdp9KzehuDN2xMTAxZziHSnNp1yBIgtrZsFBiezrqg]
03-02 15:39:54.085 12671 12687 I Finsky : [443] gag.d(19): com.activision.callofduty.shooter: Account determined from library ownership - [zMdp9KzehuDN2xMTAxZziHSnNp1yBIgtrZsFBiezrqg]
03-02 15:39:54.085 12671 12687 I Finsky : [443] gag.d(16): com.activision.callofduty.shooter: Account from preferred account - [zMdp9KzehuDN2xMTAxZziHSnNp1yBIgtrZsFBiezrqg]
03-02 15:39:54.088 12671 12687 I Finsky : [443] gag.d(19): com.activision.callofduty.shooter: Account determined from library ownership - [zMdp9KzehuDN2xMTAxZziHSnNp1yBIgtrZsFBiezrqg]
03-02 15:39:54.088 12671 12687 I Finsky : [443] gag.d(16): com.activision.callofduty.shooter: Account from preferred account - [zMdp9KzehuDN2xMTAxZziHSnNp1yBIgtrZsFBiezrqg]
03-02 15:39:54.252 12671 12687 I Finsky : [443] gag.d(19): com.activision.callofduty.shooter: Account determined from library ownership - [zMdp9KzehuDN2xMTAxZziHSnNp1yBIgtrZsFBiezrqg]
03-02 15:39:54.253 12671 12687 I Finsky : [443] gag.d(16): com.activision.callofduty.shooter: Account from preferred account - [zMdp9KzehuDN2xMTAxZziHSnNp1yBIgtrZsFBiezrqg]
03-02 15:39:54.255 12671 12687 I Finsky : [443] gag.d(19): com.activision.callofduty.shooter: Account determined from library ownership - [zMdp9KzehuDN2xMTAxZziHSnNp1yBIgtrZsFBiezrqg]
03-02 15:39:54.256 12671 12687 I Finsky : [443] gag.d(16): com.activision.callofduty.shooter: Account from preferred account - [zMdp9KzehuDN2xMTAxZziHSnNp1yBIgtrZsFBiezrqg]
03-02 15:39:54.612 12479 13105 I AudioManager: In isBluetoothScoOn(), calling application: com.activision.callofduty.shooter
03-02 15:39:54.763 12479 13302 I AudioManager: In isSpeakerphoneOn(), calling application: com.activision.callofduty.shooter
03-02 15:39:55.893 12479 13105 I AudioManager: In isBluetoothScoOn(), calling application: com.activision.callofduty.shooter
03-02 15:39:57.173 12479 13105 I AudioManager: In isBluetoothScoOn(), calling application: com.activision.callofduty.shooter
03-02 15:39:58.453 12479 13105 I AudioManager: In isBluetoothScoOn(), calling application: com.activision.callofduty.shooter
03-02 15:39:59.733 12479 13105 I AudioManager: In isBluetoothScoOn(), calling application: com.activision.callofduty.shooter
03-02 15:40:00.189 12479 12720 I chatty : uid=10167(com.activision.callofduty.shooter) UnityMain identical 5 lines
03-02 15:40:01.012 12479 13105 I AudioManager: In isBluetoothScoOn(), calling application: com.activision.callofduty.shooter
03-02 15:40:01.891 12479 12720 I Unity : TencentPay : productList:["com.activision.callofduty.shooter.tier_1","com.activision.callofduty.shooter.tier_5","com.activision.callofduty.shooter.tier_10","com.activision.callofduty.shooter.tier_25","com.activision.callofduty.shooter.tier_50","com.activision.callofduty.shooter.tier_100"]
03-02 15:40:01.899 12671 12942 I Finsky : [508] gag.d(19): com.activision.callofduty.shooter: Account determined from library ownership - [zMdp9KzehuDN2xMTAxZziHSnNp1yBIgtrZsFBiezrqg]
03-02 15:40:01.899 12671 12942 I Finsky : [508] gag.d(16): com.activision.callofduty.shooter: Account from preferred account - [zMdp9KzehuDN2xMTAxZziHSnNp1yBIgtrZsFBiezrqg]
03-02 15:40:01.902 12671 12687 I Finsky : [443] gag.d(19): com.activision.callofduty.shooter: Account determined from library ownership - [zMdp9KzehuDN2xMTAxZziHSnNp1yBIgtrZsFBiezrqg]
03-02 15:40:01.903 12671 12687 I Finsky : [443] gag.d(16): com.activision.callofduty.shooter: Account from preferred account - [zMdp9KzehuDN2xMTAxZziHSnNp1yBIgtrZsFBiezrqg]
03-02 15:40:01.906 12671 12687 I Finsky : [443] gag.d(19): com.activision.callofduty.shooter: Account determined from library ownership - [zMdp9KzehuDN2xMTAxZziHSnNp1yBIgtrZsFBiezrqg]
03-02 15:40:01.907 12671 12687 I Finsky : [443] gag.d(16): com.activision.callofduty.shooter: Account from preferred account - [zMdp9KzehuDN2xMTAxZziHSnNp1yBIgtrZsFBiezrqg]
03-02 15:40:01.910 12671 12687 I Finsky : [443] gag.d(19): com.activision.callofduty.shooter: Account determined from library ownership - [zMdp9KzehuDN2xMTAxZziHSnNp1yBIgtrZsFBiezrqg]
03-02 15:40:01.910 12671 12687 I Finsky : [443] gag.d(16): com.activision.callofduty.shooter: Account from preferred account - [zMdp9KzehuDN2xMTAxZziHSnNp1yBIgtrZsFBiezrqg]
03-02 15:40:01.957 12671 12687 I Finsky : [443] gag.d(19): com.activision.callofduty.shooter: Account determined from library ownership - [zMdp9KzehuDN2xMTAxZziHSnNp1yBIgtrZsFBiezrqg]
03-02 15:40:01.958 12671 12687 I Finsky : [443] gag.d(16): com.activision.callofduty.shooter: Account from preferred account - [zMdp9KzehuDN2xMTAxZziHSnNp1yBIgtrZsFBiezrqg]
03-02 15:40:01.961 12671 12687 I Finsky : [443] gag.d(19): com.activision.callofduty.shooter: Account determined from library ownership - [zMdp9KzehuDN2xMTAxZziHSnNp1yBIgtrZsFBiezrqg]
03-02 15:40:01.961 12671 12687 I Finsky : [443] gag.d(16): com.activision.callofduty.shooter: Account from preferred account - [zMdp9KzehuDN2xMTAxZziHSnNp1yBIgtrZsFBiezrqg]
03-02 15:40:02.293 12479 13105 I AudioManager: In isBluetoothScoOn(), calling application: com.activision.callofduty.shooter
03-02 15:40:03.285 12479 12720 E Unity : The AssetBundle '/storage/emulated/0/Android/obb/com.activision.callofduty.shooter/main.486.com.activision.callofduty.shooter.obb!assets/AssetBundle/xgO_TwJlD1m$BoC0$mXmKJs$fgDOgCK' can't be loaded because another AssetBundle with the same files is already loaded.
03-02 15:40:03.573 12479 13105 I AudioManager: In isBluetoothScoOn(), calling application: com.activision.callofduty.shooter
03-02 15:40:04.853 12479 13105 I AudioManager: In isBluetoothScoOn(), calling application: com.activision.callofduty.shooter
03-02 15:40:05.890 12479 12479 I chatty : uid=10167(com.activision.callofduty.shooter) identical 8 lines
03-02 15:40:06.133 12479 13105 I AudioManager: In isBluetoothScoOn(), calling application: com.activision.callofduty.shooter
03-02 15:40:07.413 12479 13105 I AudioManager: In isBluetoothScoOn(), calling application: com.activision.callofduty.shooter
03-02 15:40:08.382 12479 12479 I chatty : uid=10167(com.activision.callofduty.shooter) identical 5 lines
03-02 15:40:08.693 12479 13105 I AudioManager: In isBluetoothScoOn(), calling application: com.activision.callofduty.shooter
03-02 15:40:09.973 12479 13105 I AudioManager: In isBluetoothScoOn(), calling application: com.activision.callofduty.shooter
03-02 15:40:10.319 12479 12479 I chatty : uid=10167(com.activision.callofduty.shooter) identical 1 line
03-02 15:40:11.252 12479 13105 I AudioManager: In isBluetoothScoOn(), calling application: com.activision.callofduty.shooter
03-02 15:40:12.100 12479 12902 I chatty : uid=10167(com.activision.callofduty.shooter) UnityPreload identical 2 lines
03-02 15:40:12.534 12479 13105 I AudioManager: In isBluetoothScoOn(), calling application: com.activision.callofduty.shooter
03-02 15:40:13.813 12479 13105 I AudioManager: In isBluetoothScoOn(), calling application: com.activision.callofduty.shooter
03-02 15:40:15.093 12479 13105 I AudioManager: In isBluetoothScoOn(), calling application: com.activision.callofduty.shooter
03-02 15:40:15.887 12479 12720 I chatty : uid=10167(com.activision.callofduty.shooter) UnityMain identical 2 lines
03-02 15:40:16.372 12479 13105 I AudioManager: In isBluetoothScoOn(), calling application: com.activision.callofduty.shooter
03-02 15:40:17.653 12479 13105 I AudioManager: In isBluetoothScoOn(), calling application: com.activision.callofduty.shooter
03-02 15:40:18.563 12479 12479 I chatty : uid=10167(com.activision.callofduty.shooter) identical 32 lines
03-02 15:40:18.681 12479 12479 I chatty : uid=10167(com.activision.callofduty.shooter) identical 12 lines
03-02 15:40:18.841 12479 12479 I chatty : uid=10167(com.activision.callofduty.shooter) identical 6 lines
03-02 15:40:18.924 12479 12479 I chatty : uid=10167(com.activision.callofduty.shooter) identical 8 lines
03-02 15:40:18.933 12479 13105 I AudioManager: In isBluetoothScoOn(), calling application: com.activision.callofduty.shooter
03-02 15:40:19.010 12479 12479 I chatty : uid=10167(com.activision.callofduty.shooter) identical 8 lines
03-02 15:40:19.108 12479 12479 I chatty : uid=10167(com.activision.callofduty.shooter) identical 10 lines
03-02 15:40:20.005 12479 12479 I chatty : uid=10167(com.activision.callofduty.shooter) identical 105 lines
03-02 15:40:20.181 12479 12479 I chatty : uid=10167(com.activision.callofduty.shooter) identical 17 lines
03-02 15:40:20.213 12479 13105 I AudioManager: In isBluetoothScoOn(), calling application: com.activision.callofduty.shooter
03-02 15:40:20.465 12479 12479 I chatty : uid=10167(com.activision.callofduty.shooter) identical 26 lines
03-02 15:40:20.499 12479 12479 I chatty : uid=10167(com.activision.callofduty.shooter) identical 2 lines
03-02 15:40:20.594 12479 12479 I chatty : uid=10167(com.activision.callofduty.shooter) identical 9 lines
03-02 15:40:20.893 12479 12479 I chatty : uid=10167(com.activision.callofduty.shooter) identical 5 lines
03-02 15:40:21.013 12479 12479 I chatty : uid=10167(com.activision.callofduty.shooter) identical 9 lines
03-02 15:40:21.119 12479 12479 I chatty : uid=10167(com.activision.callofduty.shooter) identical 11 lines
03-02 15:40:21.479 12479 12479 I chatty : uid=10167(com.activision.callofduty.shooter) identical 40 lines
03-02 15:40:21.493 12479 13105 I AudioManager: In isBluetoothScoOn(), calling application: com.activision.callofduty.shooter
03-02 15:40:21.584 12479 12479 I chatty : uid=10167(com.activision.callofduty.shooter) identical 11 lines
03-02 15:40:22.182 12479 12479 I chatty : uid=10167(com.activision.callofduty.shooter) identical 8 lines
03-02 15:40:22.773 12479 13105 I AudioManager: In isBluetoothScoOn(), calling application: com.activision.callofduty.shooter
03-02 15:40:24.053 12479 13105 I AudioManager: In isBluetoothScoOn(), calling application: com.activision.callofduty.shooter
03-02 15:40:24.127 12479 12479 I chatty : uid=10167(com.activision.callofduty.shooter) identical 8 lines
03-02 15:40:24.288 1198 9640 I ActivityManager: Process com.activision.callofduty.shooter (pid 12479) has died: fore TOP
03-02 15:40:24.290 1198 9640 W ActivityManager: Scheduling restart of crashed service com.activision.callofduty.shooter/com.tencent.tmgp.headphonedetectlib.HeadsetMonitorService in 10218ms
03-02 15:40:24.290 1198 9640 W ActivityManager: Force removing ActivityRecord{a29c751 u0 com.activision.callofduty.shooter/com.tencent.tmgp.cod.CODMainActivity t1208}: app died, no saved state
03-02 15:40:24.301 850 1445 W SurfaceFlinger: Attempting to destroy on removed layer: AppWindowToken{42790b7 token=Token{82abbb6 ActivityRecord{a29c751 u0 com.activision.callofduty.shooter/com.tencent.tmgp.cod.CODMainActivity t1208}}}#0
03-02 15:40:24.625 12534 12534 W KeyProfile: getCurrentPackageProfile(), Package = com.activision.callofduty.shooter , this profile in NOT inside profile file list = null
03-02 15:40:24.626 12534 12534 W KeyProfile: getCurrentPackageProfile(), Package = com.activision.callofduty.shooter , this profile in NOT inside profile file list = null
03-02 15:40:24.626 12534 12534 W KeyProfile: getCurrentPackageProfile(), Package = com.activision.callofduty.shooter , this profile in NOT inside profile file list = null
03-02 15:40:34.536 1198 1394 I ActivityManager: Start proc 13659:com.activision.callofduty.shooter/u0a167 for service com.activision.callofduty.shooter/com.tencent.tmgp.headphonedetectlib.HeadsetMonitorService duration: 22
03-02 15:40:34.575 1198 2948 W ActivityManager: Stopping service due to app idle: u0a167 -48s882ms com.activision.callofduty.shooter/com.tencent.tmgp.headphonedetectlib.HeadsetMonitorService
03-02 15:40:34.731 13659 13680 I FA : adb shell setprop debug.firebase.analytics.app com.activision.callofduty.shooter
03-02 15:40:34.853 1198 3585 W ActivityManager: Service done with onDestroy, but executeNesting=2: ServiceRecord{cfd828 u0 com.activision.callofduty.shooter/com.tencent.tmgp.headphonedetectlib.HeadsetMonitorService} ---- 02-Mar-2020 3:41:05 PM ----