---- 02-Mar-2020 5:22:08 AM ----
03-02 05:22:15.545 1196 2859 I ActivityManager: START u0 {act=android.intent.action.MAIN cat=[android.intent.category.LAUNCHER] flg=0x10200000 cmp=com.tencent.ig/com.epicgames.ue4.SplashActivity bnds=[643,1635][849,1941]} from uid 10033
03-02 05:22:15.551 818 818 E ANDR-IOP: IOP HAL: Received pkg_name = com.tencent.ig pid = -1
03-02 05:22:15.562 1196 1776 W WindowManager: Token{51e096d ActivityRecord{9bd6d84 u0 com.tencent.ig/com.epicgames.ue4.SplashActivity t1060}} failed creating starting window
03-02 05:22:15.578 1196 1393 I ActivityManager: Start proc 21537:com.tencent.ig/u0a213 for activity com.tencent.ig/com.epicgames.ue4.SplashActivity duration: 13
03-02 05:22:15.580 21537 21537 E com.tencent.ig: Not starting debugger since process cannot load the jdwp agent.
03-02 05:22:15.653 21537 21537 I com.tencent.ig: The ClassLoaderContext is a special shared library.
03-02 05:22:15.671 20406 20446 I AppOpsStatusUpdateHandler: pkgName = com.tencent.ig
03-02 05:22:15.717 21537 21570 I FA : adb shell setprop debug.firebase.analytics.app com.tencent.ig
03-02 05:22:15.744 1196 7768 I ActivityManager: START u0 {act=android.intent.action.MAIN flg=0x10000 cmp=com.tencent.ig/com.epicgames.ue4.GameActivity (has extras)} from uid 10213
03-02 05:22:15.764 3392 3429 W WhiteListConfig: getModuleList com.tencent.ig不在白名单中
03-02 05:22:15.800 3593 31716 E GeneralProfile: Can't accessed /data/user/0/com.asus.gamecenter/files/profiles/com.tencent.ig/noalertprofile.json
03-02 05:22:15.800 20406 20446 I AppOpsStatusUpdateHandler: pkgName = com.tencent.ig
03-02 05:22:15.809 3593 31716 E GeneralProfile: Can't accessed /data/user/0/com.asus.gamecenter/files/profiles/com.tencent.ig/noalertprofile.json
03-02 05:22:15.821 3593 23236 E GeneralProfile: Can't accessed /data/user/0/com.asus.gamecenter/files/profiles/com.tencent.ig/noalertprofile.json
03-02 05:22:15.825 3593 23236 E GeneralProfile: Can't accessed /data/user/0/com.asus.gamecenter/files/profiles/com.tencent.ig/noalertprofile.json
03-02 05:22:15.832 3593 23236 E GeneralProfile: Can't accessed /data/user/0/com.asus.gamecenter/files/profiles/com.tencent.ig/noalertprofile.json
03-02 05:22:15.945 17486 21625 W KeyProfile: getCurrentPackageProfile(), Package = com.tencent.ig , this profile in NOT inside profile file list = null
03-02 05:22:15.946 17486 21625 W KeyProfile: getCurrentPackageProfile(), Package = com.tencent.ig , this profile in NOT inside profile file list = null
03-02 05:22:15.948 17486 21625 W KeyProfile: getCurrentPackageProfile(), Package = com.tencent.ig , this profile in NOT inside profile file list = null
03-02 05:22:16.105 17486 21625 W KeyProfile: getCurrentPackageProfile(), Package = com.tencent.ig , this profile in NOT inside profile file list = null
03-02 05:22:16.106 17486 21625 W KeyProfile: getCurrentPackageProfile(), Package = com.tencent.ig , this profile in NOT inside profile file list = null
03-02 05:22:16.107 17486 21625 W KeyProfile: getCurrentPackageProfile(), Package = com.tencent.ig , this profile in NOT inside profile file list = null
03-02 05:22:16.239 1196 7716 I ActivityManager: Killing 18084:com.tencent.ig:networkDetector/u0a213 (adj 906): kill background
03-02 05:22:16.239 1196 7716 W ActivityManager: App Op not allow to restart app com.tencent.ig/10213/cch+6/CEM
03-02 05:22:16.301 17486 21625 W KeyProfile: getCurrentPackageProfile(), Package = com.tencent.ig , this profile in NOT inside profile file list = null
03-02 05:22:16.302 17486 21625 W KeyProfile: getCurrentPackageProfile(), Package = com.tencent.ig , this profile in NOT inside profile file list = null
03-02 05:22:16.303 17486 21625 W KeyProfile: getCurrentPackageProfile(), Package = com.tencent.ig , this profile in NOT inside profile file list = null
03-02 05:22:16.383 21537 21537 I TX : getPaths(null:348)AppPath:/data/user/0/com.tencent.ig/,CachePath:/storage/emulated/0/Android/data/com.tencent.ig/cache/,DataPath:/storage/emulated/0/Android/data/com.tencent.ig/files/
03-02 05:22:16.383 21537 21537 I GCloud : SetPaths AppPath:/data/user/0/com.tencent.ig/, DataPath:/storage/emulated/0/Android/data/com.tencent.ig/files/, CachePath:/storage/emulated/0/Android/data/com.tencent.ig/cache/
03-02 05:22:16.383 21537 21537 I GCloud : [GCloud] [2020-03-02 05:22:16 383] | Info | [GCloud] |0xf7554494| IniBundle.cpp:25|IniBundle| create ini file:/storage/emulated/0/Android/data/com.tencent.ig/cache/GCloud.ini in /storage/emulated/0/Android/data/com.tencent.ig/cache/
03-02 05:22:16.383 21537 21537 I GCloud : [GCloud] [2020-03-02 05:22:16 383] | Info | [GCloud] |0xf7554494| IniFileImp.cpp:61|CreateFile| Create ini file:/storage/emulated/0/Android/data/com.tencent.ig/cache/GCloud.ini
03-02 05:22:16.410 1196 3789 I AudioService: setMode(mode = 0, callingPackage = com.tencent.ig, Process ID: 21537
03-02 05:22:16.419 1196 3789 I MediaFocusControl: requestAudioFocus() from uid/pid 10213/21537 clientId=android.media.AudioManager@50a7de8com.tencent.apollo.ApolloVoiceDeviceMgr$AudioFocusChangeListener@1447c01 callingPack=com.tencent.ig req=1 flags=0x0 sdk=28
03-02 05:22:16.488 21537 21537 W com.tencent.ig: Unsupported class loader
03-02 05:22:16.491 21537 21537 I com.tencent.ig: The ClassLoaderContext is a special shared library.
03-02 05:22:16.492 21537 21537 I com.tencent.ig: The ClassLoaderContext is a special shared library.
03-02 05:22:16.515 21537 21537 W com.tencent.ig: Unsupported class loader
03-02 05:22:16.679 21537 21537 I AudioManager: In setBluetoothScoOn(), on: false, calling application: com.tencent.ig
03-02 05:22:16.682 21537 21537 I AudioManager: In setSpeakerphoneOn(), on: false, calling application: com.tencent.ig
03-02 05:22:16.684 1196 2865 I ActivityManager: START u0 {flg=0x10000 cmp=com.tencent.ig/.DownloaderActivity} from uid 10213
03-02 05:22:16.708 1196 1387 I ActivityManager: Displayed com.tencent.ig/.DownloaderActivity: +1s159ms
03-02 05:22:16.721 20406 20446 I AppOpsStatusUpdateHandler: pkgName = com.tencent.ig
03-02 05:22:16.746 20406 20446 I AppOpsStatusUpdateHandler: pkgName = com.tencent.ig
03-02 05:22:16.750 17486 21625 W KeyProfile: getCurrentPackageProfile(), Package = com.tencent.ig , this profile in NOT inside profile file list = null
03-02 05:22:16.751 17486 21625 W KeyProfile: getCurrentPackageProfile(), Package = com.tencent.ig , this profile in NOT inside profile file list = null
03-02 05:22:16.752 17486 21625 W KeyProfile: getCurrentPackageProfile(), Package = com.tencent.ig , this profile in NOT inside profile file list = null
03-02 05:22:16.800 20406 20446 I AppOpsStatusUpdateHandler: pkgName = com.tencent.ig
03-02 05:22:16.878 17486 21625 W KeyProfile: getCurrentPackageProfile(), Package = com.tencent.ig , this profile in NOT inside profile file list = null
03-02 05:22:16.879 17486 21625 W KeyProfile: getCurrentPackageProfile(), Package = com.tencent.ig , this profile in NOT inside profile file list = null
03-02 05:22:16.880 17486 21625 W KeyProfile: getCurrentPackageProfile(), Package = com.tencent.ig , this profile in NOT inside profile file list = null
03-02 05:22:16.914 17486 21625 W KeyProfile: getCurrentPackageProfile(), Package = com.tencent.ig , this profile in NOT inside profile file list = null
03-02 05:22:16.916 17486 21625 W KeyProfile: getCurrentPackageProfile(), Package = com.tencent.ig , this profile in NOT inside profile file list = null
03-02 05:22:16.916 17486 21625 W KeyProfile: getCurrentPackageProfile(), Package = com.tencent.ig , this profile in NOT inside profile file list = null
03-02 05:22:16.920 17486 21625 W KeyProfile: getCurrentPackageProfile(), Package = com.tencent.ig , this profile in NOT inside profile file list = null
03-02 05:22:16.921 17486 21625 W KeyProfile: getCurrentPackageProfile(), Package = com.tencent.ig , this profile in NOT inside profile file list = null
03-02 05:22:16.922 17486 21625 W KeyProfile: getCurrentPackageProfile(), Package = com.tencent.ig , this profile in NOT inside profile file list = null
03-02 05:22:16.935 17486 21625 W KeyProfile: getCurrentPackageProfile(), Package = com.tencent.ig , this profile in NOT inside profile file list = null
03-02 05:22:16.936 17486 21625 W KeyProfile: getCurrentPackageProfile(), Package = com.tencent.ig , this profile in NOT inside profile file list = null
03-02 05:22:16.937 17486 21625 W KeyProfile: getCurrentPackageProfile(), Package = com.tencent.ig , this profile in NOT inside profile file list = null
03-02 05:22:16.940 17486 21625 W KeyProfile: getCurrentPackageProfile(), Package = com.tencent.ig , this profile in NOT inside profile file list = null
03-02 05:22:16.940 17486 21625 W KeyProfile: getCurrentPackageProfile(), Package = com.tencent.ig , this profile in NOT inside profile file list = null
03-02 05:22:16.943 17486 21625 W KeyProfile: getCurrentPackageProfile(), Package = com.tencent.ig , this profile in NOT inside profile file list = null
03-02 05:22:17.207 1196 9683 W ActivityManager: Receiver with filter android.content.IntentFilter@c7b409d already registered for pid 21537, callerPackage is com.tencent.ig
03-02 05:22:17.421 20406 21328 I AudioFocusHandler: list: com.tencent.ig
03-02 05:22:18.812 17486 21625 W KeyProfile: getCurrentPackageProfile(), Package = com.tencent.ig , this profile in NOT inside profile file list = null
03-02 05:22:18.813 17486 21625 W KeyProfile: getCurrentPackageProfile(), Package = com.tencent.ig , this profile in NOT inside profile file list = null
03-02 05:22:18.814 17486 21625 W KeyProfile: getCurrentPackageProfile(), Package = com.tencent.ig , this profile in NOT inside profile file list = null
03-02 05:22:19.108 21537 21642 I AudioManager: In isBluetoothScoOn(), calling application: com.tencent.ig
03-02 05:22:19.128 21537 21781 I AudioManager: In isBluetoothScoOn(), calling application: com.tencent.ig
03-02 05:22:19.641 1196 9683 W ActivityManager: Receiver with filter android.content.IntentFilter@d1b0ec5 already registered for pid 21537, callerPackage is com.tencent.ig
03-02 05:22:20.175 20406 21328 I AudioFocusHandler: list: com.tencent.ig
03-02 05:22:20.387 21537 21781 I AudioManager: In isBluetoothScoOn(), calling application: com.tencent.ig
03-02 05:22:21.268 21537 21642 I GCloud : [GCloud] [2020-03-02 05:22:21 268] | Info | [GCloud] |0xd40e7970| ConfigJsonHelpper.cpp:91|ComposeRequestPack| request data [1,"ConfigService:GetConfig",1,1,{"request":{"rec":{"rule_id":{"i32":6917},"item":{"map":["str","str",11,{"bid":"com.tencent.ig","cid":"41","oid":"","hoid":"0cf16544c436f2a47ab3318302746b58","did":"FC794FFC-43D8-461A-13C9-A9443B4D57","sdk_ver":"GCloud1.1.5.5b435e6f17ee10c7f203a6437d89c123e1da8a32","app_ver":"0.16.0","os":"1","os_ver":"9","mac_type":"mach","mfrs":"ASUS_I001DE"}]}}}}]
03-02 05:22:21.667 21537 21781 I AudioManager: In isBluetoothScoOn(), calling application: com.tencent.ig
03-02 05:22:22.947 21537 21781 I AudioManager: In isBluetoothScoOn(), calling application: com.tencent.ig
03-02 05:22:24.227 21537 21781 I AudioManager: In isBluetoothScoOn(), calling application: com.tencent.ig
03-02 05:22:24.643 21537 21642 E GCloud : "apollo_path" : "/storage/emulated/0/Android/data/com.tencent.ig/files/UE4Game/ShadowTrackerExtra/ShadowTrackerExtra/Saved/UpdateInfo/",
03-02 05:22:24.643 21537 21642 E GCloud : "m_apk_abspath" : "/data/app/com.tencent.ig-zYZjrZAfI5CPGkGOjR47KQ==/base.apk",
03-02 05:22:24.643 21537 21642 E GCloud : "m_diff_config_save_path" : "/storage/emulated/0/Android/data/com.tencent.ig/files/UE4Game/ShadowTrackerExtra/ShadowTrackerExtra/Saved/Paks/",
03-02 05:22:24.643 21537 21642 E GCloud : "m_diff_temp_path" : "/storage/emulated/0/Android/data/com.tencent.ig/files/UE4Game/ShadowTrackerExtra/ShadowTrackerExtra/Saved/Paks/",
03-02 05:22:24.644 21537 21642 E GCloud : "apollo_path" : "/storage/emulated/0/Android/data/com.tencent.ig/files/UE4Game/ShadowTrackerExtra/ShadowTrackerExtra/Saved/UpdateInfo/",
03-02 05:22:24.644 21537 21642 E GCloud : "m_apk_abspath" : "/data/app/com.tencent.ig-zYZjrZAfI5CPGkGOjR47KQ==/base.apk",
03-02 05:22:24.644 21537 21642 E GCloud : "m_diff_config_save_path" : "/storage/emulated/0/Android/data/com.tencent.ig/files/UE4Game/ShadowTrackerExtra/ShadowTrackerExtra/Saved/Paks/",
03-02 05:22:24.644 21537 21642 E GCloud : "m_diff_temp_path" : "/storage/emulated/0/Android/data/com.tencent.ig/files/UE4Game/ShadowTrackerExtra/ShadowTrackerExtra/Saved/Paks/",
03-02 05:22:24.644 21537 21642 E GCloud : [GCloud] [2020-03-02 05:22:24 644] | Error | [GCloud] |0xd40e7970| action_factory.cpp:169|init| apollopath=/storage/emulated/0/Android/data/com.tencent.ig/files/UE4Game/ShadowTrackerExtra/ShadowTrackerExtra/Saved/UpdateInfo/
03-02 05:22:24.644 21537 21642 I GCloud : [GCloud] [2020-03-02 05:22:24 644] | Info | [GCloud] |0xd40e7970| diffupdata_action.h:50|dump| m_diff_temp_path=[/storage/emulated/0/Android/data/com.tencent.ig/files/UE4Game/ShadowTrackerExtra/ShadowTrackerExtra/Saved/Paks/]
03-02 05:22:24.644 21537 21642 I GCloud : [GCloud] [2020-03-02 05:22:24 644] | Info | [GCloud] |0xd40e7970| diffupdata_action.h:51|dump| m_diff_config_save_path=[/storage/emulated/0/Android/data/com.tencent.ig/files/UE4Game/ShadowTrackerExtra/ShadowTrackerExtra/Saved/Paks/]
03-02 05:22:24.644 21537 21642 I GCloud : [GCloud] [2020-03-02 05:22:24 644] | Info | [GCloud] |0xd40e7970| diffupdata_action.h:53|dump| m_apk_abspath=[/data/app/com.tencent.ig-zYZjrZAfI5CPGkGOjR47KQ==/base.apk]
03-02 05:22:25.140 21537 21642 E GCloud : "apollo_path" : "/storage/emulated/0/Android/data/com.tencent.ig/files/UE4Game/ShadowTrackerExtra/ShadowTrackerExtra/Saved/UpdateInfo/",
03-02 05:22:25.140 21537 21642 E GCloud : "m_file_extract_path" : "/storage/emulated/0/Android/data/com.tencent.ig/files/UE4Game/ShadowTrackerExtra/ShadowTrackerExtra/Saved/Paks/",
03-02 05:22:25.140 21537 21642 E GCloud : "m_ifs_save_path" : "/storage/emulated/0/Android/data/com.tencent.ig/files/UE4Game/ShadowTrackerExtra/ShadowTrackerExtra/Saved/Paks/"
03-02 05:22:25.140 21537 21642 E GCloud : "log_save_path" : "/storage/emulated/0/Android/data/com.tencent.ig/files/UE4Game/ShadowTrackerExtra/Sha
03-02 05:22:25.141 21537 21642 E GCloud : "apollo_path" : "/storage/emulated/0/Android/data/com.tencent.ig/files/UE4Game/ShadowTrackerExtra/ShadowTrackerExtra/Saved/UpdateInfo/",
03-02 05:22:25.141 21537 21642 E GCloud : "m_file_extract_path" : "/storage/emulated/0/Android/data/com.tencent.ig/files/UE4Game/ShadowTrackerExtra/ShadowTrackerExtra/Saved/Paks/",
03-02 05:22:25.141 21537 21642 E GCloud : "m_ifs_save_path" : "/storage/emulated/0/Android/data/com.tencent.ig/files/UE4Game/ShadowTrackerExtra/ShadowTrackerExtra/Saved/Paks/"
03-02 05:22:25.141 21537 21642 E GCloud : "log_save_path" : "/storage/emulated/0/Android/data/com.tencent.ig/files/UE4Game/ShadowTrackerExtra/Sha
03-02 05:22:25.141 21537 21642 E GCloud : [GCloud] [2020-03-02 05:22:25 141] | Error | [GCloud] |0xd40e7970| action_factory.cpp:169|init| apollopath=/storage/emulated/0/Android/data/com.tencent.ig/files/UE4Game/ShadowTrackerExtra/ShadowTrackerExtra/Saved/UpdateInfo/
03-02 05:22:25.141 21537 21642 I GCloud : [GCloud] [2020-03-02 05:22:25 141] | Info | [GCloud] |0xd40e7970| diffupdateaction.h:72|dump| m_ifs_save_path=[/storage/emulated/0/Android/data/com.tencent.ig/files/UE4Game/ShadowTrackerExtra/ShadowTrackerExtra/Saved/Paks/]
03-02 05:22:25.141 21537 21642 I GCloud : [GCloud] [2020-03-02 05:22:25 141] | Info | [GCloud] |0xd40e7970| diffupdateaction.h:73|dump| m_file_extract_path=[/storage/emulated/0/Android/data/com.tencent.ig/files/UE4Game/ShadowTrackerExtra/ShadowTrackerExtra/Saved/Paks/]
03-02 05:22:25.288 861 861 I BufferQueueConsumer: SurfaceView - com.tencent.ig/com.epicgames.ue4.GameActivity#0, Set Low Latency Mode = 1, IntervalNsec = 1000000000
03-02 05:22:25.507 21537 21781 I AudioManager: In isBluetoothScoOn(), calling application: com.tencent.ig
03-02 05:22:25.897 21537 21537 I GCloud : [GCloud] [2020-03-02 05:22:25 897] | Info | [GCloud] |0xf7554494| ConfigJsonHelpper.cpp:91|ComposeRequestPack| request data [1,"ConfigService:GetConfig",1,2,{"request":{"rec":{"rule_id":{"i32":0},"item":{"map":["str","str",11,{"bid":"com.tencent.ig","cid":"41","oid":"43025557851866408","hoid":"0cf16544c436f2a47ab3318302746b58","did":"FC794FFC-43D8-461A-13C9-A9443B4D57","sdk_ver":"GCloud1.1.5.5b435e6f17ee10c7f203a6437d89c123e1da8a32","app_ver":"0.16.0","os":"1","os_ver":"9","mac_type":"mach","mfrs":"ASUS_I001DE"}]}}}}]
03-02 05:22:25.941 21537 21537 W com.tencent.ig: type=1400 audit(0.0:44168): avc: denied { read } for comm=4173796E635461736B202334 name="u:object_r:vendor_default_prop:s0" dev="tmpfs" ino=16138 scontext=u:r:untrusted_app:s0:c213,c256,c512,c768 tcontext=u:object_r:vendor_default_prop:s0 tclass=file permissive=0
03-02 05:22:25.941 21537 21537 W com.tencent.ig: type=1400 audit(0.0:44169): avc: denied { read } for comm=4173796E635461736B202334 name="u:object_r:vendor_default_prop:s0" dev="tmpfs" ino=16138 scontext=u:r:untrusted_app:s0:c213,c256,c512,c768 tcontext=u:object_r:vendor_default_prop:s0 tclass=file permissive=0
03-02 05:22:25.947 21537 21537 W com.tencent.ig: type=1400 audit(0.0:44171): avc: denied { read } for comm=4173796E635461736B202334 name="version" dev="proc" ino=4026532080 scontext=u:r:untrusted_app:s0:c213,c256,c512,c768 tcontext=u:object_r:proc_version:s0 tclass=file permissive=0
03-02 05:22:25.958 21537 21642 E GCloud : "apollo_path" : "/storage/emulated/0/Android/data/com.tencent.ig/files/UE4Game/ShadowTrackerExtra/ShadowTrackerExtra/Saved/UpdateInfo/",
03-02 05:22:25.958 21537 21642 E GCloud : "m_apk_abspath" : "/data/app/com.tencent.ig-zYZjrZAfI5CPGkGOjR47KQ==/base.apk",
03-02 05:22:25.958 21537 21642 E GCloud : "m_diff_config_save_path" : "/storage/emulated/0/Android/data/com.tencent.ig/files/UE4Game/ShadowTrackerExtra/ShadowTrackerExtra/Saved/Paks/",
03-02 05:22:25.958 21537 21642 E GCloud : "m_diff_temp_path" : "/storage/emulated/0/Android/data/com.tencent.ig/files/UE4Game/ShadowTrackerExtra/ShadowTrackerExtra/Saved/Paks/",
03-02 05:22:25.959 21537 21642 E GCloud : "apollo_path" : "/storage/emulated/0/Android/data/com.tencent.ig/files/UE4Game/ShadowTrackerExtra/ShadowTrackerExtra/Saved/UpdateInfo/",
03-02 05:22:25.959 21537 21642 E GCloud : "m_apk_abspath" : "/data/app/com.tencent.ig-zYZjrZAfI5CPGkGOjR47KQ==/base.apk",
03-02 05:22:25.959 21537 21642 E GCloud : "m_diff_config_save_path" : "/storage/emulated/0/Android/data/com.tencent.ig/files/UE4Game/ShadowTrackerExtra/ShadowTrackerExtra/Saved/Paks/",
03-02 05:22:25.959 21537 21642 E GCloud : "m_diff_temp_path" : "/storage/emulated/0/Android/data/com.tencent.ig/files/UE4Game/ShadowTrackerExtra/ShadowTrackerExtra/Saved/Paks/",
03-02 05:22:25.959 21537 21642 E GCloud : [GCloud] [2020-03-02 05:22:25 959] | Error | [GCloud] |0xd40e7970| action_factory.cpp:169|init| apollopath=/storage/emulated/0/Android/data/com.tencent.ig/files/UE4Game/ShadowTrackerExtra/ShadowTrackerExtra/Saved/UpdateInfo/
03-02 05:22:25.959 21537 21642 I GCloud : [GCloud] [2020-03-02 05:22:25 959] | Info | [GCloud] |0xd40e7970| diffupdata_action.h:50|dump| m_diff_temp_path=[/storage/emulated/0/Android/data/com.tencent.ig/files/UE4Game/ShadowTrackerExtra/ShadowTrackerExtra/Saved/Paks/]
03-02 05:22:25.959 21537 21642 I GCloud : [GCloud] [2020-03-02 05:22:25 959] | Info | [GCloud] |0xd40e7970| diffupdata_action.h:51|dump| m_diff_config_save_path=[/storage/emulated/0/Android/data/com.tencent.ig/files/UE4Game/ShadowTrackerExtra/ShadowTrackerExtra/Saved/Paks/]
03-02 05:22:25.959 21537 21642 I GCloud : [GCloud] [2020-03-02 05:22:25 959] | Info | [GCloud] |0xd40e7970| diffupdata_action.h:53|dump| m_apk_abspath=[/data/app/com.tencent.ig-zYZjrZAfI5CPGkGOjR47KQ==/base.apk]
03-02 05:22:26.038 21537 21643 I chatty : uid=10213(com.tencent.ig) Thread-22 identical 1 line
03-02 05:22:26.452 21537 21642 E GCloud : "apollo_path" : "/storage/emulated/0/Android/data/com.tencent.ig/files/UE4Game/ShadowTrackerExtra/ShadowTrackerExtra/Saved/UpdateInfo/",
03-02 05:22:26.452 21537 21642 E GCloud : "m_file_extract_path" : "/storage/emulated/0/Android/data/com.tencent.ig/files/UE4Game/ShadowTrackerExtra/ShadowTrackerExtra/Saved/Paks/",
03-02 05:22:26.452 21537 21642 E GCloud : "m_ifs_save_path" : "/storage/emulated/0/Android/data/com.tencent.ig/files/UE4Game/ShadowTrackerExtra/ShadowTrackerExtra/Saved/Paks/"
03-02 05:22:26.453 21537 21642 E GCloud : "apollo_path" : "/storage/emulated/0/Android/data/com.tencent.ig/files/UE4Game/ShadowTrackerExtra/ShadowTrackerExtra/Saved/UpdateInfo/",
03-02 05:22:26.453 21537 21642 E GCloud : "m_file_extract_path" : "/storage/emulated/0/Android/data/com.tencent.ig/files/UE4Game/ShadowTrackerExtra/ShadowTrackerExtra/Saved/Paks/",
03-02 05:22:26.453 21537 21642 E GCloud : "m_ifs_save_path" : "/storage/emulated/0/Android/data/com.tencent.ig/files/UE4Game/ShadowTrackerExtra/ShadowTrackerExtra/Saved/Paks/"
03-02 05:22:26.453 21537 21642 E GCloud : [GCloud] [2020-03-02 05:22:26 453] | Error | [GCloud] |0xd40e7970| action_factory.cpp:169|init| apollopath=/storage/emulated/0/Android/data/com.tencent.ig/files/UE4Game/ShadowTrackerExtra/ShadowTrackerExtra/Saved/UpdateInfo/
03-02 05:22:26.453 21537 21642 I GCloud : [GCloud] [2020-03-02 05:22:26 453] | Info | [GCloud] |0xd40e7970| diffupdateaction.h:72|dump| m_ifs_save_path=[/storage/emulated/0/Android/data/com.tencent.ig/files/UE4Game/ShadowTrackerExtra/ShadowTrackerExtra/Saved/Paks/]
03-02 05:22:26.453 21537 21642 I GCloud : [GCloud] [2020-03-02 05:22:26 453] | Info | [GCloud] |0xd40e7970| diffupdateaction.h:73|dump| m_file_extract_path=[/storage/emulated/0/Android/data/com.tencent.ig/files/UE4Game/ShadowTrackerExtra/ShadowTrackerExtra/Saved/Paks/]
03-02 05:22:26.787 21537 21781 I AudioManager: In isBluetoothScoOn(), calling application: com.tencent.ig
03-02 05:22:26.970 21537 21642 I GCloud : "res_dir" : "/storage/emulated/0/Android/data/com.tencent.ig/files/UE4Game/ShadowTrackerExtra/ShadowTrackerExtra/Saved/Paks/",
03-02 05:22:26.970 21537 21642 I GCloud : [GCloud] [2020-03-02 05:22:26 970] | Info | [GCloud] |0xd40e7970| puffer_mgr_inter_imp.cpp:280|AnalysisConfig| [CPufferMgrImpInter::AnalysisConfig][resDir /storage/emulated/0/Android/data/com.tencent.ig/files/UE4Game/ShadowTrackerExtra/ShadowTrackerExtra/Saved/Paks/]
03-02 05:22:26.971 21537 21947 E GCloud : [GCloud] [2020-03-02 05:22:26 971] | Error | [GCloud] |0xb47ff970| puffer_init_action.cpp:162|MakeSureDirUseFull| dir is usefull /storage/emulated/0/Android/data/com.tencent.ig/files/UE4Game/ShadowTrackerExtra/ShadowTrackerExtra/Saved/Paks/
03-02 05:22:26.971 21537 21947 E GCloud : [GCloud] [2020-03-02 05:22:26 971] | Error | [GCloud] |0xb47ff970| puffer_init_action.cpp:162|MakeSureDirUseFull| dir is usefull /storage/emulated/0/Android/data/com.tencent.ig/files/UE4Game/ShadowTrackerExtra/ShadowTrackerExtra/Saved/Paks/puffer_temp
03-02 05:22:27.416 21537 21947 I GCloud : [GCloud] [2020-03-02 05:22:27 416] | Info | [GCloud] |0xb47ff970| cu_eifs_check.cpp:21|CheckEifs| [CEifsCheck::CheckEifs][START][/storage/emulated/0/Android/data/com.tencent.ig/files/UE4Game/ShadowTrackerExtra/ShadowTrackerExtra/Saved/Paks/puffer_res.eifs]
03-02 05:22:27.416 21537 21947 I GCloud : [GCloud] [2020-03-02 05:22:27 416] | Info | [GCloud] |0xb47ff970| IFSOpenArchive.cpp:93|SFileOpenArchive| [efs:///storage/emulated/0/Android/data/com.tencent.ig/files/UE4Game/ShadowTrackerExtra/ShadowTrackerExtra/Saved/Paks/puffer_res.eifs] [256]
03-02 05:22:27.419 21537 21947 I chatty : uid=10213(com.tencent.ig) MainThread-UE4 identical 1 line
03-02 05:22:27.431 21537 21642 I GCloud : [GCloud] [2020-03-02 05:22:27 431] | Info | [GCloud] |0xd40e7970| cu_eifs_wrapper.cpp:28|InitEifsWrapper| [CEifsWrapper::InitEifsWrapper][start init][/storage/emulated/0/Android/data/com.tencent.ig/files/UE4Game/ShadowTrackerExtra/ShadowTrackerExtra/Saved/Paks/puffer_res.eifs]
03-02 05:22:27.431 21537 21642 I GCloud : [GCloud] [2020-03-02 05:22:27 431] | Info | [GCloud] |0xd40e7970| IFSOpenArchive.cpp:93|SFileOpenArchive| [efs:///storage/emulated/0/Android/data/com.tencent.ig/files/UE4Game/ShadowTrackerExtra/ShadowTrackerExtra/Saved/Paks/puffer_res.eifs] [0]
03-02 05:22:27.431 21537 21642 I chatty : uid=10213(com.tencent.ig) Thread-3 identical 1 line
03-02 05:22:27.433 21537 21642 I chatty : uid=10213(com.tencent.ig) Thread-3 identical 1 line
03-02 05:22:27.434 21537 21642 I chatty : uid=10213(com.tencent.ig) Thread-3 identical 1 line
03-02 05:22:27.441 21537 21958 I GCloud : [GCloud] [2020-03-02 05:22:27 441] | Info | [GCloud] |0xb446f970| IFSOpenArchive.cpp:1126|GetBitmapInfo| [/storage/emulated/0/Android/data/com.tencent.ig/files/UE4Game/ShadowTrackerExtra/ShadowTrackerExtra/Saved/Paks/puffer_res.eifs]
03-02 05:22:27.465 21537 21958 I GCloud : [GCloud] [2020-03-02 05:22:27 465] | Info | [GCloud] |0xb446f970| IFSOpenArchive.cpp:1126|GetBitmapInfo| [/storage/emulated/0/Android/data/com.tencent.ig/files/UE4Game/ShadowTrackerExtra/ShadowTrackerExtra/Saved/Paks/puffer_res.eifs]
03-02 05:22:27.476 21537 21960 I GCloud : [GCloud] [2020-03-02 05:22:27 476] | Info | [GCloud] |0xb31ff970| IFSOpenArchive.cpp:1126|GetBitmapInfo| [/storage/emulated/0/Android/data/com.tencent.ig/files/UE4Game/ShadowTrackerExtra/ShadowTrackerExtra/Saved/Paks/puffer_res.eifs]
03-02 05:22:27.757 21537 21960 I GCloud : [GCloud] [2020-03-02 05:22:27 757] | Info | [GCloud] |0xb31ff970| IFSOpenArchive.cpp:1126|GetBitmapInfo| [/storage/emulated/0/Android/data/com.tencent.ig/files/UE4Game/ShadowTrackerExtra/ShadowTrackerExtra/Saved/Paks/puffer_res.eifs]
03-02 05:22:27.757 21537 21960 I GCloud : [GCloud] [2020-03-02 05:22:27 757] | Info | [GCloud] |0xb31ff970| cu_ifs_taskfile_base.cpp:248|WritePiece| [CIFSTaskFileBase::WritePiece()][Writing file][file /storage/emulated/0/Android/data/com.tencent.ig/files/UE4Game/ShadowTrackerExtra/ShadowTrackerExtra/Saved/Paks/puffer_res.eifs][pieceIndex 43390][len 16384]
03-02 05:22:27.773 21537 21960 I GCloud : [GCloud] [2020-03-02 05:22:27 773] | Info | [GCloud] |0xb31ff970| IFSOpenArchive.cpp:1126|GetBitmapInfo| [/storage/emulated/0/Android/data/com.tencent.ig/files/UE4Game/ShadowTrackerExtra/ShadowTrackerExtra/Saved/Paks/puffer_res.eifs]
03-02 05:22:27.773 21537 21960 I GCloud : [GCloud] [2020-03-02 05:22:27 773] | Info | [GCloud] |0xb31ff970| cu_ifs_taskfile_base.cpp:248|WritePiece| [CIFSTaskFileBase::WritePiece()][Writing file][file /storage/emulated/0/Android/data/com.tencent.ig/files/UE4Game/ShadowTrackerExtra/ShadowTrackerExtra/Saved/Paks/puffer_res.eifs][pieceIndex 43391][len 16384]
03-02 05:22:27.824 21537 21960 I GCloud : [GCloud] [2020-03-02 05:22:27 824] | Info | [GCloud] |0xb31ff970| IFSOpenArchive.cpp:1126|GetBitmapInfo| [/storage/emulated/0/Android/data/com.tencent.ig/files/UE4Game/ShadowTrackerExtra/ShadowTrackerExtra/Saved/Paks/puffer_res.eifs]
03-02 05:22:27.824 21537 21960 I GCloud : [GCloud] [2020-03-02 05:22:27 824] | Info | [GCloud] |0xb31ff970| cu_ifs_taskfile_base.cpp:248|WritePiece| [CIFSTaskFileBase::WritePiece()][Writing file][file /storage/emulated/0/Android/data/com.tencent.ig/files/UE4Game/ShadowTrackerExtra/ShadowTrackerExtra/Saved/Paks/puffer_res.eifs][pieceIndex 43392][len 16384]
03-02 05:22:28.067 21537 21781 I AudioManager: In isBluetoothScoOn(), calling application: com.tencent.ig
03-02 05:22:28.859 21537 21951 I chatty : uid=10213(com.tencent.ig) Thread-62 identical 3 lines
03-02 05:22:28.870 21537 21950 I chatty : uid=10213(com.tencent.ig) Thread-64 identical 3 lines
03-02 05:22:28.894 21537 21949 I chatty : uid=10213(com.tencent.ig) Thread-3 identical 1 line
03-02 05:22:28.998 21537 21642 I chatty : uid=10213(com.tencent.ig) Thread-3 identical 2 lines
03-02 05:22:28.999 21537 21642 I GCloudVoice: [/Users/apollo/GVoice/GVoiceSDK/build/Android/jni/../../../application//src/GCloudVoiceEngine.cpp(555) Init()]:BundleID is :com.tencent.ig
03-02 05:22:29.001 21537 21642 I GCloudVoiceTag: Read Dynamic : /data/user/0/com.tencent.ig/files/com.tencent.gcloud.gvoice/config/gvoice.cfg
03-02 05:22:29.001 21537 21642 I GCloudVoice: [/Users/apollo/GVoice/GVoiceSDK/build/Android/jni/../../../application//src/GCloudVoiceConfig.cpp(499) TQosFilePath()]:##### TQosFilePath Dynamic cfg is /data/user/0/com.tencent.ig/files/com.tencent.gcloud.gvoice/config/gvoice.cfg
03-02 05:22:29.001 21537 21642 I GCloudVoice: [/Users/apollo/GVoice/GVoiceSDK/build/Android/jni/../../../application//src/GCloudVoiceConfig.cpp(520) TQosFilePath()]:##### TQosFilePath /data/user/0/com.tencent.ig/files/com.tencent.gcloud.gvoice/tqos
03-02 05:22:29.013 21537 21642 I GCloudVoiceTag: Read Dynamic : /data/user/0/com.tencent.ig/files/com.tencent.gcloud.gvoice/config/gvoice.cfg
03-02 05:22:29.013 21537 21642 I GCloudVoice: [/Users/apollo/GVoice/GVoiceSDK/build/Android/jni/../../../application//src/GCloudVoiceConfig.cpp(564) LogFilePath()]:##### LogFilePath Dynamic cfg is /data/user/0/com.tencent.ig/files/com.tencent.gcloud.gvoice/config/gvoice.cfg
03-02 05:22:29.013 21537 21642 I GCloudVoice: [/Users/apollo/GVoice/GVoiceSDK/build/Android/jni/../../../application//src/GCloudVoiceConfig.cpp(585) LogFilePath()]:##### LogFilePath /data/user/0/com.tencent.ig/files/com.tencent.gcloud.gvoice/GVoiceLog
03-02 05:22:29.019 21537 21537 W MidasComm: get pkgName: com.tencent.ig
03-02 05:22:29.019 21537 21951 I chatty : uid=10213(com.tencent.ig) Thread-62 identical 1 line
03-02 05:22:29.030 21537 21950 I chatty : uid=10213(com.tencent.ig) Thread-64 identical 1 line
03-02 05:22:29.060 17698 17709 I Finsky : [294] gag.d(3): com.tencent.ig: Account determined from installer data - [zMdp9KzehuDN2xMTAxZziHSnNp1yBIgtrZsFBiezrqg]
03-02 05:22:29.061 17698 17709 I Finsky : [294] gag.d(16): com.tencent.ig: Account from preferred account - [zMdp9KzehuDN2xMTAxZziHSnNp1yBIgtrZsFBiezrqg]
03-02 05:22:29.068 17698 17709 I Finsky : [294] gag.d(3): com.tencent.ig: Account determined from installer data - [zMdp9KzehuDN2xMTAxZziHSnNp1yBIgtrZsFBiezrqg]
03-02 05:22:29.068 17698 17709 I Finsky : [294] gag.d(16): com.tencent.ig: Account from preferred account - [zMdp9KzehuDN2xMTAxZziHSnNp1yBIgtrZsFBiezrqg]
03-02 05:22:29.070 17698 17709 I Finsky : [294] gag.d(3): com.tencent.ig: Account determined from installer data - [zMdp9KzehuDN2xMTAxZziHSnNp1yBIgtrZsFBiezrqg]
03-02 05:22:29.070 17698 17709 I Finsky : [294] gag.d(16): com.tencent.ig: Account from preferred account - [zMdp9KzehuDN2xMTAxZziHSnNp1yBIgtrZsFBiezrqg]
03-02 05:22:29.073 17698 17709 I Finsky : [294] gag.d(3): com.tencent.ig: Account determined from installer data - [zMdp9KzehuDN2xMTAxZziHSnNp1yBIgtrZsFBiezrqg]
03-02 05:22:29.073 17698 17709 I Finsky : [294] gag.d(16): com.tencent.ig: Account from preferred account - [zMdp9KzehuDN2xMTAxZziHSnNp1yBIgtrZsFBiezrqg]
03-02 05:22:29.075 17698 17709 I Finsky : [294] gag.d(3): com.tencent.ig: Account determined from installer data - [zMdp9KzehuDN2xMTAxZziHSnNp1yBIgtrZsFBiezrqg]
03-02 05:22:29.075 17698 17709 I Finsky : [294] gag.d(16): com.tencent.ig: Account from preferred account - [zMdp9KzehuDN2xMTAxZziHSnNp1yBIgtrZsFBiezrqg]
03-02 05:22:29.077 17698 17709 I Finsky : [294] gag.d(3): com.tencent.ig: Account determined from installer data - [zMdp9KzehuDN2xMTAxZziHSnNp1yBIgtrZsFBiezrqg]
03-02 05:22:29.077 17698 17709 I Finsky : [294] gag.d(16): com.tencent.ig: Account from preferred account - [zMdp9KzehuDN2xMTAxZziHSnNp1yBIgtrZsFBiezrqg]
03-02 05:22:29.079 17698 17709 I Finsky : [294] gag.d(3): com.tencent.ig: Account determined from installer data - [zMdp9KzehuDN2xMTAxZziHSnNp1yBIgtrZsFBiezrqg]
03-02 05:22:29.079 17698 17709 I Finsky : [294] gag.d(16): com.tencent.ig: Account from preferred account - [zMdp9KzehuDN2xMTAxZziHSnNp1yBIgtrZsFBiezrqg]
03-02 05:22:29.223 21537 21537 I chatty : uid=10213(com.tencent.ig) MainThread-UE4 identical 1 line
03-02 05:22:29.347 21537 21781 I AudioManager: In isBluetoothScoOn(), calling application: com.tencent.ig
03-02 05:22:29.715 1196 1393 I ActivityManager: Start proc 22004:com.tencent.ig:networkDetector/u0a213 for service com.tencent.ig/com.tencent.midas.oversea.newnetwork.service.APNetDetectService duration: 15
03-02 05:22:29.997 21537 21951 I chatty : uid=10213(com.tencent.ig) Thread-83 identical 2 lines
03-02 05:22:30.014 20406 21328 I AudioFocusHandler: list: com.tencent.ig
03-02 05:22:30.102 21537 21950 I chatty : uid=10213(com.tencent.ig) Thread-84 identical 1 line
03-02 05:22:30.113 21537 21949 I chatty : uid=10213(com.tencent.ig) Thread-85 identical 2 lines
03-02 05:22:30.627 21537 21781 I AudioManager: In isBluetoothScoOn(), calling application: com.tencent.ig
03-02 05:22:30.851 21537 21949 I chatty : uid=10213(com.tencent.ig) Thread-90 identical 3 lines
03-02 05:22:30.862 21537 21950 I chatty : uid=10213(com.tencent.ig) Thread-88 identical 2 lines
03-02 05:22:30.898 21537 21684 I com.tencent.ig: The ClassLoaderContext is a special shared library.
03-02 05:22:30.913 21537 21684 I AudioManager: In isSpeakerphoneOn(), calling application: com.tencent.ig
03-02 05:22:31.018 21537 21951 I chatty : uid=10213(com.tencent.ig) Thread-89 identical 1 line
03-02 05:22:31.300 21537 21950 I chatty : uid=10213(com.tencent.ig) Thread-93 identical 1 line
03-02 05:22:31.309 21537 21537 I chatty : uid=10213(com.tencent.ig) MainThread-UE4 identical 5 lines
03-02 05:22:31.615 21537 21642 I GCloud : [GCloud] [2020-03-02 05:22:31 615] | Info | [GCloud] |0xd40e7970| IFSOpenArchive.cpp:1126|GetBitmapInfo| [/storage/emulated/0/Android/data/com.tencent.ig/files/UE4Game/ShadowTrackerExtra/ShadowTrackerExtra/Saved/Paks/puffer_res.eifs]
03-02 05:22:31.615 21537 21642 I GCloud : [GCloud] [2020-03-02 05:22:31 615] | Info | [GCloud] |0xd40e7970| IFSOpenArchive.cpp:1126|GetBitmapInfo| [/storage/emulated/0/Android/data/com.tencent.ig/files/UE4Game/ShadowTrackerExtra/ShadowTrackerExtra/Saved/Paks/puffer_res.eifs]
03-02 05:22:31.619 21537 21642 I GCloud : [GCloud] [2020-03-02 05:22:31 619] | Info | [GCloud] |0xd40e7970| IFSOpenArchive.cpp:1126|GetBitmapInfo| [/storage/emulated/0/Android/data/com.tencent.ig/files/UE4Game/ShadowTrackerExtra/ShadowTrackerExtra/Saved/Paks/puffer_res.eifs]
03-02 05:22:31.623 21537 21642 I GCloud : [GCloud] [2020-03-02 05:22:31 623] | Info | [GCloud] |0xd40e7970| IFSOpenArchive.cpp:1126|GetBitmapInfo| [/storage/emulated/0/Android/data/com.tencent.ig/files/UE4Game/ShadowTrackerExtra/ShadowTrackerExtra/Saved/Paks/puffer_res.eifs]
03-02 05:22:31.628 21537 21642 I GCloud : [GCloud] [2020-03-02 05:22:31 628] | Info | [GCloud] |0xd40e7970| IFSOpenArchive.cpp:1126|GetBitmapInfo| [/storage/emulated/0/Android/data/com.tencent.ig/files/UE4Game/ShadowTrackerExtra/ShadowTrackerExtra/Saved/Paks/puffer_res.eifs]
03-02 05:22:31.632 21537 21642 I GCloud : [GCloud] [2020-03-02 05:22:31 632] | Info | [GCloud] |0xd40e7970| IFSOpenArchive.cpp:1126|GetBitmapInfo| [/storage/emulated/0/Android/data/com.tencent.ig/files/UE4Game/ShadowTrackerExtra/ShadowTrackerExtra/Saved/Paks/puffer_res.eifs]
03-02 05:22:31.649 21537 21537 I chatty : uid=10213(com.tencent.ig) MainThread-UE4 identical 1 line
03-02 05:22:31.898 21537 21642 I GCloud : [GCloud] [2020-03-02 05:22:31 898] | Info | [GCloud] |0xd40e7970| IFSOpenArchive.cpp:1126|GetBitmapInfo| [/storage/emulated/0/Android/data/com.tencent.ig/files/UE4Game/ShadowTrackerExtra/ShadowTrackerExtra/Saved/Paks/puffer_res.eifs]
03-02 05:22:31.898 21537 21642 I GCloud : [GCloud] [2020-03-02 05:22:31 898] | Info | [GCloud] |0xd40e7970| IFSOpenArchive.cpp:1126|GetBitmapInfo| [/storage/emulated/0/Android/data/com.tencent.ig/files/UE4Game/ShadowTrackerExtra/ShadowTrackerExtra/Saved/Paks/puffer_res.eifs]
03-02 05:22:31.902 21537 21642 I GCloud : [GCloud] [2020-03-02 05:22:31 902] | Info | [GCloud] |0xd40e7970| IFSOpenArchive.cpp:1126|GetBitmapInfo| [/storage/emulated/0/Android/data/com.tencent.ig/files/UE4Game/ShadowTrackerExtra/ShadowTrackerExtra/Saved/Paks/puffer_res.eifs]
03-02 05:22:31.906 21537 21642 I GCloud : [GCloud] [2020-03-02 05:22:31 906] | Info | [GCloud] |0xd40e7970| IFSOpenArchive.cpp:1126|GetBitmapInfo| [/storage/emulated/0/Android/data/com.tencent.ig/files/UE4Game/ShadowTrackerExtra/ShadowTrackerExtra/Saved/Paks/puffer_res.eifs]
03-02 05:22:31.907 21537 21781 I AudioManager: In isBluetoothScoOn(), calling application: com.tencent.ig
03-02 05:22:31.910 21537 21642 I GCloud : [GCloud] [2020-03-02 05:22:31 910] | Info | [GCloud] |0xd40e7970| IFSOpenArchive.cpp:1126|GetBitmapInfo| [/storage/emulated/0/Android/data/com.tencent.ig/files/UE4Game/ShadowTrackerExtra/ShadowTrackerExtra/Saved/Paks/puffer_res.eifs]
03-02 05:22:31.915 21537 21642 I GCloud : [GCloud] [2020-03-02 05:22:31 915] | Info | [GCloud] |0xd40e7970| IFSOpenArchive.cpp:1126|GetBitmapInfo| [/storage/emulated/0/Android/data/com.tencent.ig/files/UE4Game/ShadowTrackerExtra/ShadowTrackerExtra/Saved/Paks/puffer_res.eifs]
03-02 05:22:32.360 1196 1393 I ActivityManager: Start proc 22113:com.android.chrome:sandboxed_process0/u0i188 for webview_service com.tencent.ig/org.chromium.content.app.SandboxedProcessService0 duration: 21
03-02 05:22:33.187 21537 21781 I AudioManager: In isBluetoothScoOn(), calling application: com.tencent.ig
03-02 05:22:34.467 21537 21781 I AudioManager: In isBluetoothScoOn(), calling application: com.tencent.ig
03-02 05:22:35.747 21537 21781 I AudioManager: In isBluetoothScoOn(), calling application: com.tencent.ig
03-02 05:22:35.893 20406 21328 I AudioFocusHandler: list: com.tencent.ig
03-02 05:22:35.998 21537 21951 I chatty : uid=10213(com.tencent.ig) Thread-134 identical 1 line
03-02 05:22:36.672 21537 21643 I chatty : uid=10213(com.tencent.ig) Thread-22 identical 19 lines
03-02 05:22:37.027 21537 21781 I AudioManager: In isBluetoothScoOn(), calling application: com.tencent.ig
03-02 05:22:37.945 21537 21643 I chatty : uid=10213(com.tencent.ig) Thread-22 identical 23 lines
03-02 05:22:38.307 21537 21781 I AudioManager: In isBluetoothScoOn(), calling application: com.tencent.ig
03-02 05:22:38.653 21537 21643 I chatty : uid=10213(com.tencent.ig) Thread-22 identical 9 lines
03-02 05:22:38.716 21537 21643 I chatty : uid=10213(com.tencent.ig) Thread-22 identical 2 lines
03-02 05:22:39.172 21537 21643 I chatty : uid=10213(com.tencent.ig) Thread-22 identical 1 line
03-02 05:22:39.206 21537 21643 I chatty : uid=10213(com.tencent.ig) Thread-22 identical 2 lines
03-02 05:22:39.319 21537 21643 I chatty : uid=10213(com.tencent.ig) Thread-22 identical 1 line
03-02 05:22:39.587 21537 21781 I AudioManager: In isBluetoothScoOn(), calling application: com.tencent.ig
03-02 05:22:39.946 21537 21643 I chatty : uid=10213(com.tencent.ig) Thread-22 identical 10 lines
03-02 05:22:40.867 21537 21781 I AudioManager: In isBluetoothScoOn(), calling application: com.tencent.ig
03-02 05:22:42.147 21537 21781 I AudioManager: In isBluetoothScoOn(), calling application: com.tencent.ig
03-02 05:22:43.427 21537 21781 I AudioManager: In isBluetoothScoOn(), calling application: com.tencent.ig
03-02 05:22:44.707 21537 21781 I AudioManager: In isBluetoothScoOn(), calling application: com.tencent.ig
03-02 05:22:45.987 21537 21781 I AudioManager: In isBluetoothScoOn(), calling application: com.tencent.ig
03-02 05:22:47.267 21537 21781 I AudioManager: In isBluetoothScoOn(), calling application: com.tencent.ig
03-02 05:22:48.553 21537 21781 I AudioManager: In isBluetoothScoOn(), calling application: com.tencent.ig
03-02 05:22:49.827 21537 21781 I AudioManager: In isBluetoothScoOn(), calling application: com.tencent.ig
03-02 05:22:50.468 1196 11421 I ActivityManager: Process com.tencent.ig (pid 21537) has died: fore TOP
03-02 05:22:50.470 1196 11421 W ActivityManager: Force removing ActivityRecord{11adcd2 u0 com.tencent.ig/com.epicgames.ue4.GameActivity t1060}: app died, no saved state
03-02 05:22:50.474 1196 5088 I WindowManager: WIN DEATH: Window{a75e5fa u0 com.tencent.ig/com.epicgames.ue4.GameActivity}
03-02 05:22:50.764 17486 17486 W KeyProfile: getCurrentPackageProfile(), Package = com.tencent.ig , this profile in NOT inside profile file list = null
03-02 05:22:50.764 17486 17486 W KeyProfile: getCurrentPackageProfile(), Package = com.tencent.ig , this profile in NOT inside profile file list = null
03-02 05:22:50.764 17486 17486 W KeyProfile: getCurrentPackageProfile(), Package = com.tencent.ig , this profile in NOT inside profile file list = null
03-02 05:22:51.475 20406 21328 I AudioFocusHandler: list: com.tencent.ig
03-02 05:23:50.501 1196 1391 W ActivityManager: Stopping service due to app idle: u0a213 -1m20s802ms com.tencent.ig/com.tencent.midas.oversea.newnetwork.service.APNe